Last updated on 2024-05-21 14:57:02 CEST.
Flavor | Version | Tinstall | Tcheck | Ttotal | Status | Flags |
---|---|---|---|---|---|---|
r-devel-linux-x86_64-debian-clang | 0.1.0 | 13.43 | 109.92 | 123.35 | NOTE | |
r-devel-linux-x86_64-debian-gcc | 0.1.0 | 9.51 | 81.50 | 91.01 | NOTE | |
r-devel-linux-x86_64-fedora-clang | 0.1.0 | 151.37 | NOTE | |||
r-devel-linux-x86_64-fedora-gcc | 0.1.0 | 142.32 | NOTE | |||
r-devel-windows-x86_64 | 0.1.0 | 12.00 | 102.00 | 114.00 | NOTE | |
r-patched-linux-x86_64 | 0.1.0 | 10.11 | 106.16 | 116.27 | NOTE | |
r-release-linux-x86_64 | 0.1.0 | 8.39 | 103.10 | 111.49 | NOTE | |
r-release-macos-arm64 | 0.1.0 | 41.00 | NOTE | |||
r-release-windows-x86_64 | 0.1.0 | 12.00 | 98.00 | 110.00 | NOTE | |
r-oldrel-macos-arm64 | 0.1.0 | 45.00 | OK | |||
r-oldrel-macos-x86_64 | 0.1.0 | 77.00 | OK | |||
r-oldrel-windows-x86_64 | 0.1.0 | 16.00 | 120.00 | 136.00 | OK |
Version: 0.1.0
Check: Rd files
Result: NOTE
checkRd: (-1) AEHMLE.Rd:42-45: Lost braces
42 | \item{basehaz}{: {baseline hazard structure including baseline
| ^
checkRd: (-1) AHMLE.Rd:41-43: Lost braces
41 | \item{basehaz}{: {baseline hazard structure including baseline
| ^
Flavors: r-devel-linux-x86_64-debian-clang, r-devel-linux-x86_64-debian-gcc, r-devel-linux-x86_64-fedora-clang, r-devel-linux-x86_64-fedora-gcc, r-devel-windows-x86_64, r-patched-linux-x86_64, r-release-linux-x86_64, r-release-macos-arm64, r-release-windows-x86_64