Last updated on 2025-02-21 02:52:05 CET.
Flavor | Version | Tinstall | Tcheck | Ttotal | Status | Flags |
---|---|---|---|---|---|---|
r-devel-linux-x86_64-debian-clang | 0.6.3.2 | 5.38 | 57.78 | 63.16 | NOTE | |
r-devel-linux-x86_64-debian-gcc | 0.6.3.2 | 3.96 | 40.19 | 44.15 | NOTE | |
r-devel-linux-x86_64-fedora-clang | 0.6.3.2 | 107.73 | NOTE | |||
r-devel-linux-x86_64-fedora-gcc | 0.6.3.2 | 109.41 | NOTE | |||
r-devel-macos-arm64 | 0.6.3.2 | 37.00 | OK | |||
r-devel-macos-x86_64 | 0.6.3.2 | 76.00 | OK | |||
r-devel-windows-x86_64 | 0.6.3.2 | 6.00 | 78.00 | 84.00 | NOTE | |
r-patched-linux-x86_64 | 0.6.3.2 | 8.30 | 53.65 | 61.95 | OK | |
r-release-linux-x86_64 | 0.6.3.2 | 4.94 | 54.81 | 59.75 | OK | |
r-release-macos-arm64 | 0.6.3.2 | 36.00 | OK | |||
r-release-macos-x86_64 | 0.6.3.2 | 60.00 | OK | |||
r-release-windows-x86_64 | 0.6.3.2 | 8.00 | 73.00 | 81.00 | OK | |
r-oldrel-macos-arm64 | 0.6.3.2 | 37.00 | OK | |||
r-oldrel-macos-x86_64 | 0.6.3.2 | 58.00 | OK | |||
r-oldrel-windows-x86_64 | 0.6.3.2 | 8.00 | 85.00 | 93.00 | OK |
Version: 0.6.3.2
Check: Rd cross-references
Result: NOTE
Found the following Rd file(s) with Rd \link{} targets missing package
anchors:
AIPW.Rd: SuperLearner
AIPW_base.Rd: R6Class
Please provide package anchors for all Rd \link{} targets not in the
package itself and the base packages.
Flavors: r-devel-linux-x86_64-debian-clang, r-devel-linux-x86_64-debian-gcc, r-devel-windows-x86_64
Version: 0.6.3.2
Check: dependencies in R code
Result: NOTE
Namespaces in Imports field not imported from:
‘Rsolnp’ ‘SuperLearner’ ‘future.apply’ ‘ggplot2’ ‘progressr’ ‘stats’
‘utils’
All declared Imports should be used.
Flavors: r-devel-linux-x86_64-fedora-clang, r-devel-linux-x86_64-fedora-gcc