Last updated on 2025-02-21 02:52:05 CET.
Flavor | Version | Tinstall | Tcheck | Ttotal | Status | Flags |
---|---|---|---|---|---|---|
r-devel-linux-x86_64-debian-clang | 2.3.4 | 332.03 | 62.83 | 394.86 | NOTE | |
r-devel-linux-x86_64-debian-gcc | 2.3.4 | 226.54 | 44.38 | 270.92 | NOTE | |
r-devel-linux-x86_64-fedora-clang | 2.3.4 | 804.74 | NOTE | |||
r-devel-linux-x86_64-fedora-gcc | 2.3.4 | 797.32 | NOTE | |||
r-devel-macos-arm64 | 2.3.4 | 191.00 | NOTE | |||
r-devel-macos-x86_64 | 2.3.4 | 209.00 | NOTE | |||
r-devel-windows-x86_64 | 2.3.4 | 292.00 | 118.00 | 410.00 | NOTE | |
r-patched-linux-x86_64 | 2.3.4 | 314.69 | 57.49 | 372.18 | NOTE | |
r-release-linux-x86_64 | 2.3.4 | 309.66 | 57.08 | 366.74 | NOTE | |
r-release-macos-arm64 | 2.3.4 | 192.00 | NOTE | |||
r-release-macos-x86_64 | 2.3.4 | 161.00 | NOTE | |||
r-release-windows-x86_64 | 2.3.4 | 290.00 | 109.00 | 399.00 | NOTE | |
r-oldrel-macos-arm64 | 2.3.4 | 264.00 | NOTE | |||
r-oldrel-macos-x86_64 | 2.3.4 | 406.00 | NOTE | |||
r-oldrel-windows-x86_64 | 2.3.4 | 356.00 | 133.00 | 489.00 | NOTE |
Version: 2.3.4
Check: C++ specification
Result: NOTE
Specified C++11: please drop specification unless essential
Flavors: r-devel-linux-x86_64-debian-clang, r-devel-linux-x86_64-debian-gcc, r-devel-linux-x86_64-fedora-clang, r-devel-linux-x86_64-fedora-gcc, r-devel-macos-arm64, r-devel-macos-x86_64, r-devel-windows-x86_64, r-patched-linux-x86_64, r-release-linux-x86_64, r-release-macos-arm64, r-release-macos-x86_64, r-release-windows-x86_64, r-oldrel-macos-arm64, r-oldrel-macos-x86_64, r-oldrel-windows-x86_64
Version: 2.3.4
Check: LazyData
Result: NOTE
'LazyData' is specified without a 'data' directory
Flavors: r-patched-linux-x86_64, r-release-linux-x86_64, r-release-macos-arm64, r-release-macos-x86_64, r-release-windows-x86_64, r-oldrel-macos-arm64, r-oldrel-macos-x86_64, r-oldrel-windows-x86_64
Version: 2.3.4
Check: installed package size
Result: NOTE
installed size is 28.8Mb
sub-directories of 1Mb or more:
cereal 1.4Mb
libs 27.3Mb
Flavors: r-release-macos-arm64, r-release-macos-x86_64, r-oldrel-macos-arm64, r-oldrel-macos-x86_64