Last updated on 2025-02-21 02:52:05 CET.
Flavor | Version | Tinstall | Tcheck | Ttotal | Status | Flags |
---|---|---|---|---|---|---|
r-devel-linux-x86_64-debian-clang | 0.1.3 | 7.84 | 135.96 | 143.80 | NOTE | |
r-devel-linux-x86_64-debian-gcc | 0.1.3 | 5.21 | 92.23 | 97.44 | NOTE | |
r-devel-linux-x86_64-fedora-clang | 0.1.3 | 236.94 | NOTE | |||
r-devel-linux-x86_64-fedora-gcc | 0.1.3 | 247.35 | NOTE | |||
r-devel-macos-arm64 | 0.1.3 | 72.00 | OK | |||
r-devel-macos-x86_64 | 0.1.3 | 129.00 | NOTE | |||
r-devel-windows-x86_64 | 0.1.3 | 10.00 | 142.00 | 152.00 | NOTE | |
r-patched-linux-x86_64 | 0.1.3 | 6.84 | 133.65 | 140.49 | OK | |
r-release-linux-x86_64 | 0.1.3 | 7.11 | 132.67 | 139.78 | OK | |
r-release-macos-arm64 | 0.1.3 | 81.00 | OK | |||
r-release-macos-x86_64 | 0.1.3 | 159.00 | OK | |||
r-release-windows-x86_64 | 0.1.3 | 11.00 | 145.00 | 156.00 | OK | |
r-oldrel-macos-arm64 | 0.1.3 | 89.00 | OK | |||
r-oldrel-macos-x86_64 | 0.1.3 | 153.00 | OK | |||
r-oldrel-windows-x86_64 | 0.1.3 | 14.00 | 176.00 | 190.00 | OK |
Version: 0.1.3
Check: DESCRIPTION meta-information
Result: NOTE
Missing dependency on R >= 4.1.0 because package code uses the pipe
|> or function shorthand \(...) syntax added in R 4.1.0.
File(s) using such syntax:
‘ANOPA-anopa.R’ ‘ANOPA-contrastProportions.R’ ‘ANOPA-convert.R’
‘ANOPA-random.R’
Flavors: r-devel-linux-x86_64-debian-clang, r-devel-linux-x86_64-debian-gcc, r-devel-linux-x86_64-fedora-clang, r-devel-linux-x86_64-fedora-gcc, r-devel-macos-x86_64, r-devel-windows-x86_64