Last updated on 2025-02-20 14:50:45 CET.
Flavor | Version | Tinstall | Tcheck | Ttotal | Status | Flags |
---|---|---|---|---|---|---|
r-devel-linux-x86_64-debian-clang | 1.1.4 | 47.85 | 181.41 | 229.26 | OK | |
r-devel-linux-x86_64-debian-gcc | 1.1.4 | 36.69 | 133.53 | 170.22 | OK | |
r-devel-linux-x86_64-fedora-clang | 1.1.4 | 391.38 | OK | |||
r-devel-linux-x86_64-fedora-gcc | 1.1.4 | 391.87 | OK | |||
r-devel-macos-arm64 | 1.1.4 | 118.00 | OK | |||
r-devel-macos-x86_64 | 1.1.4 | 226.00 | OK | |||
r-devel-windows-x86_64 | 1.1.4 | 54.00 | 170.00 | 224.00 | OK | |
r-patched-linux-x86_64 | 1.1.4 | 46.26 | 165.40 | 211.66 | OK | |
r-release-linux-x86_64 | 1.1.4 | 45.17 | 164.85 | 210.02 | OK | |
r-release-macos-arm64 | 1.1.4 | 101.00 | NOTE | |||
r-release-macos-x86_64 | 1.1.4 | 171.00 | NOTE | |||
r-release-windows-x86_64 | 1.1.4 | 54.00 | 166.00 | 220.00 | OK | |
r-oldrel-macos-arm64 | 1.1.4 | 83.00 | NOTE | |||
r-oldrel-macos-x86_64 | 1.1.4 | 120.00 | OK | |||
r-oldrel-windows-x86_64 | 1.1.4 | 63.00 | 220.00 | 283.00 | OK |
Version: 1.1.4
Check: installed package size
Result: NOTE
installed size is 5.8Mb
sub-directories of 1Mb or more:
data 5.4Mb
Flavors: r-release-macos-arm64, r-release-macos-x86_64, r-oldrel-macos-arm64