Last updated on 2025-02-20 14:50:44 CET.
Flavor | Version | Tinstall | Tcheck | Ttotal | Status | Flags |
---|---|---|---|---|---|---|
r-devel-linux-x86_64-debian-clang | 0.3.0 | 8.30 | 65.68 | 73.98 | NOTE | |
r-devel-linux-x86_64-debian-gcc | 0.3.0 | 4.99 | 46.39 | 51.38 | NOTE | |
r-devel-linux-x86_64-fedora-clang | 0.3.0 | 119.67 | NOTE | |||
r-devel-linux-x86_64-fedora-gcc | 0.3.0 | 113.07 | NOTE | |||
r-devel-macos-arm64 | 0.3.0 | 43.00 | NOTE | |||
r-devel-macos-x86_64 | 0.3.0 | 60.00 | NOTE | |||
r-devel-windows-x86_64 | 0.3.0 | 9.00 | 88.00 | 97.00 | NOTE | |
r-patched-linux-x86_64 | 0.3.0 | 6.40 | 59.48 | 65.88 | NOTE | |
r-release-linux-x86_64 | 0.3.0 | 6.47 | 59.64 | 66.11 | NOTE | |
r-release-macos-arm64 | 0.3.0 | 35.00 | NOTE | |||
r-release-macos-x86_64 | 0.3.0 | 50.00 | NOTE | |||
r-release-windows-x86_64 | 0.3.0 | 9.00 | 80.00 | 89.00 | NOTE | |
r-oldrel-macos-arm64 | 0.3.0 | 37.00 | NOTE | |||
r-oldrel-macos-x86_64 | 0.3.0 | 55.00 | NOTE | |||
r-oldrel-windows-x86_64 | 0.3.0 | 12.00 | 94.00 | 106.00 | NOTE |
Version: 0.3.0
Check: package subdirectories
Result: NOTE
Problems with news in ‘NEWS.md’:
No news entries found.
Flavors: r-devel-linux-x86_64-debian-clang, r-devel-linux-x86_64-debian-gcc, r-devel-linux-x86_64-fedora-clang, r-devel-linux-x86_64-fedora-gcc, r-devel-macos-arm64, r-devel-macos-x86_64, r-devel-windows-x86_64, r-patched-linux-x86_64, r-release-linux-x86_64, r-release-macos-arm64, r-release-macos-x86_64, r-release-windows-x86_64, r-oldrel-macos-arm64, r-oldrel-macos-x86_64, r-oldrel-windows-x86_64