Last updated on 2025-02-21 02:52:05 CET.
Flavor | Version | Tinstall | Tcheck | Ttotal | Status | Flags |
---|---|---|---|---|---|---|
r-devel-linux-x86_64-debian-clang | 0.1.4.4 | 176.19 | 195.91 | 372.10 | NOTE | |
r-devel-linux-x86_64-debian-gcc | 0.1.4.4 | 139.33 | 119.67 | 259.00 | NOTE | |
r-devel-linux-x86_64-fedora-clang | 0.1.4.4 | 653.59 | NOTE | |||
r-devel-linux-x86_64-fedora-gcc | 0.1.4.4 | 752.12 | NOTE | |||
r-devel-macos-arm64 | 0.1.4.4 | 154.00 | NOTE | |||
r-devel-macos-x86_64 | 0.1.4.4 | 249.00 | NOTE | |||
r-devel-windows-x86_64 | 0.1.4.4 | 168.00 | 229.00 | 397.00 | NOTE | |
r-patched-linux-x86_64 | 0.1.4.4 | 187.85 | 183.42 | 371.27 | NOTE | |
r-release-linux-x86_64 | 0.1.4.4 | 191.20 | 180.29 | 371.49 | NOTE | |
r-release-macos-arm64 | 0.1.4.4 | 152.00 | NOTE | |||
r-release-macos-x86_64 | 0.1.4.4 | 197.00 | NOTE | |||
r-release-windows-x86_64 | 0.1.4.4 | 166.00 | 227.00 | 393.00 | NOTE | |
r-oldrel-macos-arm64 | 0.1.4.4 | 198.00 | NOTE | |||
r-oldrel-macos-x86_64 | 0.1.4.4 | 338.00 | NOTE | |||
r-oldrel-windows-x86_64 | 0.1.4.4 | 217.00 | 282.00 | 499.00 | NOTE |
Version: 0.1.4.4
Check: C++ specification
Result: NOTE
Specified C++11: please drop specification unless essential
Flavors: r-devel-linux-x86_64-debian-clang, r-devel-linux-x86_64-debian-gcc, r-devel-linux-x86_64-fedora-clang, r-devel-linux-x86_64-fedora-gcc, r-devel-macos-arm64, r-devel-macos-x86_64, r-devel-windows-x86_64, r-patched-linux-x86_64, r-release-linux-x86_64, r-release-macos-arm64, r-release-macos-x86_64, r-release-windows-x86_64, r-oldrel-macos-arm64, r-oldrel-macos-x86_64, r-oldrel-windows-x86_64
Version: 0.1.4.4
Check: LazyData
Result: NOTE
'LazyData' is specified without a 'data' directory
Flavors: r-patched-linux-x86_64, r-release-linux-x86_64, r-release-macos-arm64, r-release-macos-x86_64, r-release-windows-x86_64, r-oldrel-macos-arm64, r-oldrel-macos-x86_64, r-oldrel-windows-x86_64
Version: 0.1.4.4
Check: installed package size
Result: NOTE
installed size is 27.2Mb
sub-directories of 1Mb or more:
libs 25.7Mb
Flavors: r-release-macos-arm64, r-release-macos-x86_64, r-oldrel-macos-arm64, r-oldrel-macos-x86_64