Last updated on 2025-02-18 02:50:30 CET.
Flavor | Version | Tinstall | Tcheck | Ttotal | Status | Flags |
---|---|---|---|---|---|---|
r-devel-linux-x86_64-debian-clang | 0.1.7 | 14.51 | 66.10 | 80.61 | OK | |
r-devel-linux-x86_64-debian-gcc | 0.1.7 | 11.66 | 49.46 | 61.12 | OK | |
r-devel-linux-x86_64-fedora-clang | 0.1.7 | 137.72 | OK | |||
r-devel-linux-x86_64-fedora-gcc | 0.1.7 | 123.20 | OK | |||
r-devel-macos-arm64 | 0.1.7 | 41.00 | OK | |||
r-devel-macos-x86_64 | 0.1.7 | 65.00 | OK | |||
r-devel-windows-x86_64 | 0.1.7 | 17.00 | 94.00 | 111.00 | OK | |
r-patched-linux-x86_64 | 0.1.7 | 14.41 | 61.58 | 75.99 | OK | |
r-release-linux-x86_64 | 0.1.7 | 13.58 | 60.88 | 74.46 | OK | |
r-release-macos-arm64 | 0.1.7 | 42.00 | OK | |||
r-release-macos-x86_64 | 0.1.7 | 57.00 | OK | |||
r-release-windows-x86_64 | 0.1.7 | 16.00 | 91.00 | 107.00 | OK | |
r-oldrel-macos-arm64 | 0.1.7 | 47.00 | NOTE | |||
r-oldrel-macos-x86_64 | 0.1.7 | 66.00 | OK | |||
r-oldrel-windows-x86_64 | 0.1.7 | 20.00 | 108.00 | 128.00 | OK |
Version: 0.1.7
Check: package dependencies
Result: NOTE
Package suggested but not available for checking: ‘GEOquery’
Flavor: r-oldrel-macos-arm64