Last updated on 2025-02-21 02:52:05 CET.
Flavor | Version | Tinstall | Tcheck | Ttotal | Status | Flags |
---|---|---|---|---|---|---|
r-devel-linux-x86_64-debian-clang | 1.0.1 | 40.15 | 75.80 | 115.95 | OK | |
r-devel-linux-x86_64-debian-gcc | 1.0.1 | 34.96 | 59.80 | 94.76 | OK | |
r-devel-linux-x86_64-fedora-clang | 1.0.1 | 196.31 | OK | |||
r-devel-linux-x86_64-fedora-gcc | 1.0.1 | 214.75 | OK | |||
r-devel-macos-arm64 | 1.0.1 | 51.00 | OK | |||
r-devel-macos-x86_64 | 1.0.1 | 99.00 | OK | |||
r-devel-windows-x86_64 | 1.0.1 | 45.00 | 102.00 | 147.00 | OK | |
r-patched-linux-x86_64 | 1.0.1 | 43.98 | 69.56 | 113.54 | OK | |
r-release-linux-x86_64 | 1.0.1 | 40.44 | 69.91 | 110.35 | OK | |
r-release-macos-arm64 | 1.0.1 | 52.00 | NOTE | |||
r-release-macos-x86_64 | 1.0.1 | 77.00 | NOTE | |||
r-release-windows-x86_64 | 1.0.1 | 50.00 | 105.00 | 155.00 | NOTE | |
r-oldrel-macos-arm64 | 1.0.1 | 58.00 | NOTE | |||
r-oldrel-macos-x86_64 | 1.0.1 | 115.00 | NOTE | |||
r-oldrel-windows-x86_64 | 1.0.1 | 60.00 | 160.00 | 220.00 | NOTE |
Version: 1.0.1
Check: installed package size
Result: NOTE
installed size is 9.6Mb
sub-directories of 1Mb or more:
documents 2.4Mb
libs 5.5Mb
screenshots 1.6Mb
Flavors: r-release-macos-arm64, r-release-macos-x86_64, r-release-windows-x86_64, r-oldrel-macos-arm64, r-oldrel-macos-x86_64, r-oldrel-windows-x86_64