Last updated on 2025-02-21 02:52:05 CET.
Flavor | Version | Tinstall | Tcheck | Ttotal | Status | Flags |
---|---|---|---|---|---|---|
r-devel-linux-x86_64-debian-clang | 2.0.5 | 13.46 | 97.79 | 111.25 | OK | |
r-devel-linux-x86_64-debian-gcc | 2.0.5 | 8.78 | 72.20 | 80.98 | OK | |
r-devel-linux-x86_64-fedora-clang | 2.0.5 | 178.69 | OK | |||
r-devel-linux-x86_64-fedora-gcc | 2.0.5 | 174.29 | OK | |||
r-devel-macos-arm64 | 2.0.5 | 53.00 | OK | |||
r-devel-macos-x86_64 | 2.0.5 | 126.00 | OK | |||
r-devel-windows-x86_64 | 2.0.5 | 16.00 | 113.00 | 129.00 | OK | |
r-patched-linux-x86_64 | 2.0.5 | 12.75 | 92.08 | 104.83 | OK | |
r-release-linux-x86_64 | 2.0.5 | 11.26 | 90.79 | 102.05 | OK | |
r-release-macos-arm64 | 2.0.5 | 48.00 | NOTE | |||
r-release-macos-x86_64 | 2.0.5 | 107.00 | NOTE | |||
r-release-windows-x86_64 | 2.0.5 | 17.00 | 112.00 | 129.00 | NOTE | |
r-oldrel-macos-arm64 | 2.0.5 | 52.00 | NOTE | |||
r-oldrel-macos-x86_64 | 2.0.5 | 91.00 | NOTE | |||
r-oldrel-windows-x86_64 | 2.0.5 | 17.00 | 134.00 | 151.00 | NOTE |
Version: 2.0.5
Check: installed package size
Result: NOTE
installed size is 5.4Mb
sub-directories of 1Mb or more:
data 5.1Mb
Flavors: r-release-macos-arm64, r-release-macos-x86_64, r-release-windows-x86_64, r-oldrel-macos-arm64, r-oldrel-macos-x86_64, r-oldrel-windows-x86_64