Last updated on 2025-02-21 02:52:06 CET.
Flavor | Version | Tinstall | Tcheck | Ttotal | Status | Flags |
---|---|---|---|---|---|---|
r-devel-linux-x86_64-debian-clang | 1.0.1 | 2.51 | 23.47 | 25.98 | NOTE | |
r-devel-linux-x86_64-debian-gcc | 1.0.1 | 1.92 | 18.86 | 20.78 | NOTE | |
r-devel-linux-x86_64-fedora-clang | 1.0.1 | 43.27 | OK | |||
r-devel-linux-x86_64-fedora-gcc | 1.0.1 | 57.11 | OK | |||
r-devel-macos-arm64 | 1.0.1 | 23.00 | OK | |||
r-devel-macos-x86_64 | 1.0.1 | 44.00 | OK | |||
r-devel-windows-x86_64 | 1.0.1 | 5.00 | 56.00 | 61.00 | NOTE | |
r-patched-linux-x86_64 | 1.0.1 | 7.01 | 22.09 | 29.10 | OK | |
r-release-linux-x86_64 | 1.0.1 | 2.38 | 22.32 | 24.70 | OK | |
r-release-macos-arm64 | 1.0.1 | 23.00 | OK | |||
r-release-macos-x86_64 | 1.0.1 | 34.00 | OK | |||
r-release-windows-x86_64 | 1.0.1 | 5.00 | 65.00 | 70.00 | OK | |
r-oldrel-macos-arm64 | 1.0.1 | 23.00 | OK | |||
r-oldrel-macos-x86_64 | 1.0.1 | 31.00 | OK | |||
r-oldrel-windows-x86_64 | 1.0.1 | 5.00 | 71.00 | 76.00 | OK |
Version: 1.0.1
Check: Rd cross-references
Result: NOTE
Found the following Rd file(s) with Rd \link{} targets missing package
anchors:
az_cognitive_service.Rd: az_resource_group
Please provide package anchors for all Rd \link{} targets not in the
package itself and the base packages.
Flavors: r-devel-linux-x86_64-debian-clang, r-devel-linux-x86_64-debian-gcc, r-devel-windows-x86_64