CRAN Package Check Results for Package AzureContainers

Last updated on 2025-02-21 02:52:06 CET.

Flavor Version Tinstall Tcheck Ttotal Status Flags
r-devel-linux-x86_64-debian-clang 1.3.2 7.39 33.82 41.21 NOTE
r-devel-linux-x86_64-debian-gcc 1.3.2 4.21 26.06 30.27 NOTE
r-devel-linux-x86_64-fedora-clang 1.3.2 65.18 NOTE
r-devel-linux-x86_64-fedora-gcc 1.3.2 80.39 NOTE
r-devel-macos-arm64 1.3.2 34.00 OK
r-devel-macos-x86_64 1.3.2 62.00 OK
r-devel-windows-x86_64 1.3.2 9.00 62.00 71.00 NOTE
r-patched-linux-x86_64 1.3.2 12.33 32.29 44.62 OK
r-release-linux-x86_64 1.3.2 6.80 32.22 39.02 OK
r-release-macos-arm64 1.3.2 33.00 OK
r-release-macos-x86_64 1.3.2 45.00 OK
r-release-windows-x86_64 1.3.2 9.00 80.00 89.00 OK
r-oldrel-macos-arm64 1.3.2 31.00 OK
r-oldrel-macos-x86_64 1.3.2 44.00 OK
r-oldrel-windows-x86_64 1.3.2 10.00 79.00 89.00 OK

Check Details

Version: 1.3.2
Check: Rd cross-references
Result: NOTE Found the following Rd file(s) with Rd \link{} targets missing package anchors: aci.Rd: az_resource_group acr.Rd: az_resource_group aks.Rd: az_resource_group create_aci.Rd: az_resource create_acr.Rd: az_resource Please provide package anchors for all Rd \link{} targets not in the package itself and the base packages. Flavors: r-devel-linux-x86_64-debian-clang, r-devel-linux-x86_64-debian-gcc, r-devel-windows-x86_64

Version: 1.3.2
Check: dependencies in R code
Result: NOTE Namespace in Imports field not imported from: ‘openssl’ All declared Imports should be used. Flavors: r-devel-linux-x86_64-fedora-clang, r-devel-linux-x86_64-fedora-gcc