Last updated on 2025-02-18 02:50:31 CET.
Flavor | Version | Tinstall | Tcheck | Ttotal | Status | Flags |
---|---|---|---|---|---|---|
r-devel-linux-x86_64-debian-clang | 3.7.0 | 6.22 | 42.90 | 49.12 | NOTE | |
r-devel-linux-x86_64-debian-gcc | 3.7.0 | 3.32 | 30.93 | 34.25 | NOTE | |
r-devel-linux-x86_64-fedora-clang | 3.7.0 | 87.57 | NOTE | |||
r-devel-linux-x86_64-fedora-gcc | 3.7.0 | 89.37 | NOTE | |||
r-devel-macos-arm64 | 3.7.0 | 36.00 | OK | |||
r-devel-macos-x86_64 | 3.7.0 | 96.00 | OK | |||
r-devel-windows-x86_64 | 3.7.0 | 8.00 | 69.00 | 77.00 | NOTE | |
r-patched-linux-x86_64 | 3.7.0 | 11.85 | 39.81 | 51.66 | OK | |
r-release-linux-x86_64 | 3.7.0 | 5.56 | 40.81 | 46.37 | OK | |
r-release-macos-arm64 | 3.7.0 | 34.00 | OK | |||
r-release-macos-x86_64 | 3.7.0 | 59.00 | OK | |||
r-release-windows-x86_64 | 3.7.0 | 8.00 | 85.00 | 93.00 | OK | |
r-oldrel-macos-arm64 | 3.7.0 | 34.00 | OK | |||
r-oldrel-macos-x86_64 | 3.7.0 | 50.00 | OK | |||
r-oldrel-windows-x86_64 | 3.7.0 | 9.00 | 79.00 | 88.00 | OK |
Version: 3.7.0
Check: Rd cross-references
Result: NOTE
Found the following Rd file(s) with Rd \link{} targets missing package
anchors:
az_storage.Rd: az_resource_group
Please provide package anchors for all Rd \link{} targets not in the
package itself and the base packages.
Flavors: r-devel-linux-x86_64-debian-clang, r-devel-linux-x86_64-debian-gcc, r-devel-windows-x86_64
Version: 3.7.0
Check: dependencies in R code
Result: NOTE
Namespace in Imports field not imported from: ‘R6’
All declared Imports should be used.
Flavors: r-devel-linux-x86_64-fedora-clang, r-devel-linux-x86_64-fedora-gcc