Last updated on 2025-02-21 02:52:06 CET.
Flavor | Version | Tinstall | Tcheck | Ttotal | Status | Flags |
---|---|---|---|---|---|---|
r-devel-linux-x86_64-debian-clang | 0.5 | 25.18 | 37.49 | 62.67 | OK | |
r-devel-linux-x86_64-debian-gcc | 0.5 | 18.09 | 27.98 | 46.07 | OK | |
r-devel-linux-x86_64-fedora-clang | 0.5 | 114.01 | OK | |||
r-devel-linux-x86_64-fedora-gcc | 0.5 | 154.50 | OK | |||
r-devel-macos-arm64 | 0.5 | 55.00 | OK | |||
r-devel-macos-x86_64 | 0.5 | 90.00 | OK | |||
r-devel-windows-x86_64 | 0.5 | 30.00 | 82.00 | 112.00 | OK | |
r-patched-linux-x86_64 | 0.5 | 26.60 | 35.21 | 61.81 | NOTE | |
r-release-linux-x86_64 | 0.5 | 26.30 | 35.43 | 61.73 | NOTE | |
r-release-macos-arm64 | 0.5 | 52.00 | NOTE | |||
r-release-macos-x86_64 | 0.5 | 86.00 | NOTE | |||
r-release-windows-x86_64 | 0.5 | 30.00 | 74.00 | 104.00 | NOTE | |
r-oldrel-macos-arm64 | 0.5 | 58.00 | NOTE | |||
r-oldrel-macos-x86_64 | 0.5 | 83.00 | NOTE | |||
r-oldrel-windows-x86_64 | 0.5 | 35.00 | 88.00 | 123.00 | NOTE |
Version: 0.5
Check: LazyData
Result: NOTE
'LazyData' is specified without a 'data' directory
Flavors: r-patched-linux-x86_64, r-release-linux-x86_64, r-release-macos-arm64, r-release-macos-x86_64, r-release-windows-x86_64, r-oldrel-macos-arm64, r-oldrel-macos-x86_64, r-oldrel-windows-x86_64