Last updated on 2024-05-21 14:57:03 CEST.
Flavor | Version | Tinstall | Tcheck | Ttotal | Status | Flags |
---|---|---|---|---|---|---|
r-devel-linux-x86_64-debian-clang | 0.1.3 | 46.93 | 90.17 | 137.10 | NOTE | |
r-devel-linux-x86_64-debian-gcc | 0.1.3 | 33.64 | 67.64 | 101.28 | NOTE | |
r-devel-linux-x86_64-fedora-clang | 0.1.3 | 185.30 | NOTE | |||
r-devel-linux-x86_64-fedora-gcc | 0.1.3 | 284.87 | NOTE | |||
r-devel-windows-x86_64 | 0.1.3 | 38.00 | 101.00 | 139.00 | NOTE | |
r-patched-linux-x86_64 | 0.1.3 | 41.78 | 85.88 | 127.66 | NOTE | |
r-release-linux-x86_64 | 0.1.3 | 34.22 | 86.79 | 121.01 | NOTE | |
r-release-macos-arm64 | 0.1.3 | 82.00 | NOTE | |||
r-release-windows-x86_64 | 0.1.3 | 38.00 | 101.00 | 139.00 | NOTE | |
r-oldrel-macos-arm64 | 0.1.3 | 84.00 | NOTE | |||
r-oldrel-macos-x86_64 | 0.1.3 | 138.00 | NOTE | |||
r-oldrel-windows-x86_64 | 0.1.3 | 48.00 | 117.00 | 165.00 | NOTE |
Version: 0.1.3
Check: C++ specification
Result: NOTE
Specified C++11: please drop specification unless essential
Flavors: r-devel-linux-x86_64-debian-clang, r-devel-linux-x86_64-debian-gcc, r-devel-linux-x86_64-fedora-clang, r-devel-linux-x86_64-fedora-gcc, r-devel-windows-x86_64, r-patched-linux-x86_64, r-release-linux-x86_64, r-release-macos-arm64, r-release-windows-x86_64, r-oldrel-macos-arm64, r-oldrel-macos-x86_64, r-oldrel-windows-x86_64