Last updated on 2024-05-21 14:57:04 CEST.
Flavor | Version | Tinstall | Tcheck | Ttotal | Status | Flags |
---|---|---|---|---|---|---|
r-devel-linux-x86_64-debian-clang | 1.0.2 | 263.48 | 115.78 | 379.26 | NOTE | |
r-devel-linux-x86_64-debian-gcc | 1.0.2 | 183.79 | 87.17 | 270.96 | NOTE | |
r-devel-linux-x86_64-fedora-clang | 1.0.2 | 534.54 | NOTE | |||
r-devel-linux-x86_64-fedora-gcc | 1.0.2 | 591.58 | NOTE | |||
r-devel-windows-x86_64 | 1.0.2 | 190.00 | 156.00 | 346.00 | NOTE | |
r-patched-linux-x86_64 | 1.0.2 | 265.99 | 110.85 | 376.84 | NOTE | |
r-release-linux-x86_64 | 1.0.2 | 224.46 | 112.85 | 337.31 | NOTE | |
r-release-macos-arm64 | 1.0.2 | 119.00 | NOTE | |||
r-release-windows-x86_64 | 1.0.2 | 195.00 | 160.00 | 355.00 | NOTE | |
r-oldrel-macos-arm64 | 1.0.2 | 159.00 | NOTE | |||
r-oldrel-macos-x86_64 | 1.0.2 | 157.00 | NOTE | |||
r-oldrel-windows-x86_64 | 1.0.2 | 243.00 | 166.00 | 409.00 | NOTE |
Version: 1.0.2
Check: C++ specification
Result: NOTE
Specified C++11: please drop specification unless essential
Flavors: r-devel-linux-x86_64-debian-clang, r-devel-linux-x86_64-debian-gcc, r-devel-linux-x86_64-fedora-clang, r-devel-linux-x86_64-fedora-gcc, r-devel-windows-x86_64, r-patched-linux-x86_64, r-release-linux-x86_64, r-release-macos-arm64, r-release-windows-x86_64, r-oldrel-macos-arm64, r-oldrel-macos-x86_64, r-oldrel-windows-x86_64
Version: 1.0.2
Check: installed package size
Result: NOTE
installed size is 15.4Mb
sub-directories of 1Mb or more:
libs 14.1Mb
Flavors: r-release-macos-arm64, r-oldrel-macos-arm64, r-oldrel-macos-x86_64