Last updated on 2025-02-21 02:52:06 CET.
Flavor | Version | Tinstall | Tcheck | Ttotal | Status | Flags |
---|---|---|---|---|---|---|
r-devel-linux-x86_64-debian-clang | 1.0.2 | 3.77 | 36.53 | 40.30 | NOTE | |
r-devel-linux-x86_64-debian-gcc | 1.0.2 | 2.07 | 26.97 | 29.04 | NOTE | |
r-devel-linux-x86_64-fedora-clang | 1.0.2 | 70.48 | NOTE | |||
r-devel-linux-x86_64-fedora-gcc | 1.0.2 | 59.58 | NOTE | |||
r-devel-macos-arm64 | 1.0.2 | 26.00 | OK | |||
r-devel-macos-x86_64 | 1.0.2 | 38.00 | NOTE | |||
r-devel-windows-x86_64 | 1.0.2 | 6.00 | 61.00 | 67.00 | NOTE | |
r-patched-linux-x86_64 | 1.0.2 | 3.77 | 33.16 | 36.93 | OK | |
r-release-linux-x86_64 | 1.0.2 | 2.91 | 33.89 | 36.80 | OK | |
r-release-macos-arm64 | 1.0.2 | 24.00 | OK | |||
r-release-macos-x86_64 | 1.0.2 | 37.00 | OK | |||
r-release-windows-x86_64 | 1.0.2 | 6.00 | 61.00 | 67.00 | OK | |
r-oldrel-macos-arm64 | 1.0.2 | 34.00 | OK | |||
r-oldrel-macos-x86_64 | 1.0.2 | 55.00 | OK | |||
r-oldrel-windows-x86_64 | 1.0.2 | 7.00 | 69.00 | 76.00 | OK |
Version: 1.0.2
Check: DESCRIPTION meta-information
Result: NOTE
Missing dependency on R >= 4.1.0 because package code uses the pipe
|> or function shorthand \(...) syntax added in R 4.1.0.
File(s) using such syntax:
‘get_column.R’
Flavors: r-devel-linux-x86_64-debian-clang, r-devel-linux-x86_64-debian-gcc, r-devel-linux-x86_64-fedora-clang, r-devel-linux-x86_64-fedora-gcc, r-devel-macos-x86_64, r-devel-windows-x86_64