Last updated on 2025-02-21 02:52:07 CET.
Flavor | Version | Tinstall | Tcheck | Ttotal | Status | Flags |
---|---|---|---|---|---|---|
r-devel-linux-x86_64-debian-clang | 0.3.7 | 21.02 | 36.86 | 57.88 | NOTE | |
r-devel-linux-x86_64-debian-gcc | 0.3.7 | 17.72 | 32.95 | 50.67 | NOTE | |
r-devel-linux-x86_64-fedora-clang | 0.3.7 | 104.88 | NOTE | |||
r-devel-linux-x86_64-fedora-gcc | 0.3.7 | 96.83 | NOTE | |||
r-devel-macos-arm64 | 0.3.7 | 31.00 | NOTE | |||
r-devel-macos-x86_64 | 0.3.7 | 53.00 | NOTE | |||
r-devel-windows-x86_64 | 0.3.7 | 25.00 | 75.00 | 100.00 | NOTE | |
r-patched-linux-x86_64 | 0.3.7 | 24.82 | 32.94 | 57.76 | NOTE | |
r-release-linux-x86_64 | 0.3.7 | 23.39 | 33.18 | 56.57 | NOTE | |
r-release-macos-arm64 | 0.3.7 | 35.00 | NOTE | |||
r-release-macos-x86_64 | 0.3.7 | 47.00 | NOTE | |||
r-release-windows-x86_64 | 0.3.7 | 26.00 | 69.00 | 95.00 | NOTE | |
r-oldrel-macos-arm64 | 0.3.7 | 32.00 | OK | |||
r-oldrel-macos-x86_64 | 0.3.7 | 54.00 | OK | |||
r-oldrel-windows-x86_64 | 0.3.7 | 23.00 | 81.00 | 104.00 | OK |
Version: 0.3.7
Check: Rd files
Result: NOTE
checkRd: (-1) terms.BTM.Rd:23-25: Lost braces in \itemize; \value handles \item{}{} directly
checkRd: (-1) terms.BTM.Rd:26-32: Lost braces in \itemize; \value handles \item{}{} directly
checkRd: (-1) terms.data.frame.Rd:25-31: Lost braces in \itemize; \value handles \item{}{} directly
checkRd: (-1) terms.data.frame.Rd:32-38: Lost braces in \itemize; \value handles \item{}{} directly
Flavors: r-devel-linux-x86_64-debian-clang, r-devel-linux-x86_64-debian-gcc, r-devel-linux-x86_64-fedora-clang, r-devel-linux-x86_64-fedora-gcc, r-devel-macos-arm64, r-devel-macos-x86_64, r-devel-windows-x86_64, r-patched-linux-x86_64, r-release-linux-x86_64, r-release-macos-arm64, r-release-macos-x86_64, r-release-windows-x86_64