Last updated on 2025-02-20 14:50:45 CET.
Flavor | Version | Tinstall | Tcheck | Ttotal | Status | Flags |
---|---|---|---|---|---|---|
r-devel-linux-x86_64-debian-clang | 0.0.3 | 857.25 | 181.41 | 1038.66 | OK | |
r-devel-linux-x86_64-debian-gcc | 0.0.3 | 824.81 | 191.16 | 1015.97 | OK | |
r-devel-linux-x86_64-fedora-clang | 0.0.3 | 1632.26 | NOTE | |||
r-devel-linux-x86_64-fedora-gcc | 0.0.3 | 2327.71 | NOTE | |||
r-devel-macos-arm64 | 0.0.3 | 455.00 | OK | |||
r-devel-macos-x86_64 | 0.0.3 | 637.00 | OK | |||
r-devel-windows-x86_64 | 0.0.3 | 807.00 | 282.00 | 1089.00 | OK | |
r-patched-linux-x86_64 | 0.0.3 | 1020.68 | 257.79 | 1278.47 | NOTE | |
r-release-linux-x86_64 | 0.0.3 | 999.86 | 261.50 | 1261.36 | NOTE | |
r-release-macos-arm64 | 0.0.3 | 244.00 | NOTE | |||
r-release-macos-x86_64 | 0.0.3 | 224.00 | NOTE | |||
r-release-windows-x86_64 | 0.0.3 | 805.00 | 274.00 | 1079.00 | NOTE | |
r-oldrel-macos-arm64 | 0.0.3 | 440.00 | NOTE | |||
r-oldrel-macos-x86_64 | 0.0.3 | 426.00 | NOTE | |||
r-oldrel-windows-x86_64 | 0.0.3 | 1103.00 | 311.00 | 1414.00 | NOTE |
Version: 0.0.3
Check: dependencies in R code
Result: NOTE
Namespaces in Imports field not imported from:
‘RcppParallel’ ‘rstantools’
All declared Imports should be used.
Flavors: r-devel-linux-x86_64-fedora-clang, r-devel-linux-x86_64-fedora-gcc
Version: 0.0.3
Check: for GNU extensions in Makefiles
Result: NOTE
GNU make is a SystemRequirements.
Flavors: r-patched-linux-x86_64, r-release-linux-x86_64, r-release-macos-arm64, r-release-macos-x86_64, r-release-windows-x86_64, r-oldrel-macos-arm64, r-oldrel-macos-x86_64, r-oldrel-windows-x86_64
Version: 0.0.3
Check: installed package size
Result: NOTE
installed size is 123.0Mb
sub-directories of 1Mb or more:
libs 122.5Mb
Flavors: r-release-macos-arm64, r-release-macos-x86_64, r-release-windows-x86_64, r-oldrel-macos-arm64, r-oldrel-macos-x86_64, r-oldrel-windows-x86_64