Last updated on 2025-02-21 02:52:06 CET.
Flavor | Version | Tinstall | Tcheck | Ttotal | Status | Flags |
---|---|---|---|---|---|---|
r-devel-linux-x86_64-debian-clang | 1.0.0 | 294.55 | 203.44 | 497.99 | OK | |
r-devel-linux-x86_64-debian-gcc | 1.0.0 | 291.17 | 161.90 | 453.07 | OK | |
r-devel-linux-x86_64-fedora-clang | 1.0.0 | 792.49 | OK | |||
r-devel-linux-x86_64-fedora-gcc | 1.0.0 | 1007.37 | OK | |||
r-devel-macos-arm64 | 1.0.0 | 222.00 | OK | |||
r-devel-macos-x86_64 | 1.0.0 | 397.00 | OK | |||
r-devel-windows-x86_64 | 1.0.0 | 294.00 | 222.00 | 516.00 | OK | |
r-patched-linux-x86_64 | 1.0.0 | 352.56 | 215.98 | 568.54 | NOTE | |
r-release-linux-x86_64 | 1.0.0 | 381.29 | 217.01 | 598.30 | NOTE | |
r-release-macos-arm64 | 1.0.0 | 115.00 | NOTE | |||
r-release-macos-x86_64 | 1.0.0 | 149.00 | NOTE | |||
r-release-windows-x86_64 | 1.0.0 | 293.00 | 220.00 | 513.00 | NOTE | |
r-oldrel-macos-arm64 | 1.0.0 | 191.00 | NOTE | |||
r-oldrel-macos-x86_64 | 1.0.0 | 515.00 | NOTE | |||
r-oldrel-windows-x86_64 | 1.0.0 | 386.00 | 268.00 | 654.00 | NOTE |
Version: 1.0.0
Check: for GNU extensions in Makefiles
Result: NOTE
GNU make is a SystemRequirements.
Flavors: r-patched-linux-x86_64, r-release-linux-x86_64, r-release-macos-arm64, r-release-macos-x86_64, r-release-windows-x86_64, r-oldrel-macos-arm64, r-oldrel-macos-x86_64, r-oldrel-windows-x86_64
Version: 1.0.0
Check: installed package size
Result: NOTE
installed size is 54.2Mb
sub-directories of 1Mb or more:
libs 52.7Mb
Flavors: r-release-macos-arm64, r-release-macos-x86_64, r-oldrel-macos-arm64, r-oldrel-macos-x86_64