Last updated on 2025-02-21 02:52:06 CET.
Flavor | Version | Tinstall | Tcheck | Ttotal | Status | Flags |
---|---|---|---|---|---|---|
r-devel-linux-x86_64-debian-clang | 2.2.3 | 224.79 | 197.55 | 422.34 | OK | |
r-devel-linux-x86_64-debian-gcc | 2.2.3 | 160.79 | 123.48 | 284.27 | OK | |
r-devel-linux-x86_64-fedora-clang | 2.2.3 | 808.57 | OK | |||
r-devel-linux-x86_64-fedora-gcc | 2.2.3 | 855.22 | OK | |||
r-devel-macos-arm64 | 2.2.3 | 170.00 | OK | |||
r-devel-macos-x86_64 | 2.2.3 | 262.00 | OK | |||
r-devel-windows-x86_64 | 2.2.3 | 233.00 | 244.00 | 477.00 | OK | |
r-patched-linux-x86_64 | 2.2.3 | 214.62 | 175.07 | 389.69 | OK | |
r-release-linux-x86_64 | 2.2.3 | 225.12 | 175.38 | 400.50 | OK | |
r-release-macos-arm64 | 2.2.3 | 170.00 | NOTE | |||
r-release-macos-x86_64 | 2.2.3 | 287.00 | NOTE | |||
r-release-windows-x86_64 | 2.2.3 | 239.00 | 261.00 | 500.00 | NOTE | |
r-oldrel-macos-arm64 | 2.2.3 | 158.00 | NOTE | |||
r-oldrel-macos-x86_64 | 2.2.3 | 247.00 | NOTE | |||
r-oldrel-windows-x86_64 | 2.2.3 | 292.00 | 279.00 | 571.00 | NOTE |
Version: 2.2.3
Check: installed package size
Result: NOTE
installed size is 13.9Mb
sub-directories of 1Mb or more:
doc 2.7Mb
libs 10.4Mb
Flavors: r-release-macos-arm64, r-release-macos-x86_64, r-release-windows-x86_64, r-oldrel-macos-arm64, r-oldrel-macos-x86_64, r-oldrel-windows-x86_64