Last updated on 2025-02-20 14:50:45 CET.
Flavor | Version | Tinstall | Tcheck | Ttotal | Status | Flags |
---|---|---|---|---|---|---|
r-devel-linux-x86_64-debian-clang | 1.0 | 23.81 | 27.41 | 51.22 | OK | |
r-devel-linux-x86_64-debian-gcc | 1.0 | 17.21 | 22.14 | 39.35 | OK | |
r-devel-linux-x86_64-fedora-clang | 1.0 | 86.28 | OK | |||
r-devel-linux-x86_64-fedora-gcc | 1.0 | 85.98 | OK | |||
r-devel-macos-arm64 | 1.0 | 27.00 | OK | |||
r-devel-macos-x86_64 | 1.0 | 52.00 | OK | |||
r-devel-windows-x86_64 | 1.0 | 23.00 | 68.00 | 91.00 | OK | |
r-patched-linux-x86_64 | 1.0 | 22.31 | 26.94 | 49.25 | OK | |
r-release-linux-x86_64 | 1.0 | 23.68 | 26.54 | 50.22 | OK | |
r-release-macos-arm64 | 1.0 | 28.00 | NOTE | |||
r-release-macos-x86_64 | 1.0 | 43.00 | NOTE | |||
r-release-windows-x86_64 | 1.0 | 22.00 | 67.00 | 89.00 | OK | |
r-oldrel-macos-arm64 | 1.0 | 32.00 | NOTE | |||
r-oldrel-macos-x86_64 | 1.0 | 46.00 | NOTE | |||
r-oldrel-windows-x86_64 | 1.0 | 29.00 | 71.00 | 100.00 | OK |
Version: 1.0
Check: installed package size
Result: NOTE
installed size is 8.8Mb
sub-directories of 1Mb or more:
libs 8.7Mb
Flavors: r-release-macos-arm64, r-release-macos-x86_64, r-oldrel-macos-arm64, r-oldrel-macos-x86_64