CRAN Package Check Results for Package BayesTreePrior

Last updated on 2025-02-21 02:52:06 CET.

Flavor Version Tinstall Tcheck Ttotal Status Flags
r-devel-linux-x86_64-debian-clang 1.0.1 1.80 32.79 34.59 NOTE
r-devel-linux-x86_64-debian-gcc 1.0.1 1.45 22.93 24.38 NOTE
r-devel-linux-x86_64-fedora-clang 1.0.1 54.29 NOTE
r-devel-linux-x86_64-fedora-gcc 1.0.1 54.37 NOTE
r-devel-macos-arm64 1.0.1 21.00 NOTE
r-devel-macos-x86_64 1.0.1 35.00 NOTE
r-devel-windows-x86_64 1.0.1 3.00 50.00 53.00 NOTE
r-patched-linux-x86_64 1.0.1 2.15 29.78 31.93 NOTE
r-release-linux-x86_64 1.0.1 1.46 29.68 31.14 NOTE
r-release-macos-arm64 1.0.1 25.00 NOTE
r-release-macos-x86_64 1.0.1 28.00 NOTE
r-release-windows-x86_64 1.0.1 3.00 51.00 54.00 NOTE
r-oldrel-macos-arm64 1.0.1 21.00 OK
r-oldrel-macos-x86_64 1.0.1 28.00 OK
r-oldrel-windows-x86_64 1.0.1 3.00 54.00 57.00 OK

Check Details

Version: 1.0.1
Check: Rd files
Result: NOTE checkRd: (-1) BayesTreePrior.Rd:38: Lost braces in \itemize; meant \describe ? checkRd: (-1) BayesTreePrior.Rd:39: Lost braces in \itemize; meant \describe ? checkRd: (-1) BayesTreePrior.Rd:40: Lost braces in \itemize; meant \describe ? checkRd: (-1) BayesTreePrior.Rd:41: Lost braces in \itemize; meant \describe ? Flavors: r-devel-linux-x86_64-debian-clang, r-devel-linux-x86_64-debian-gcc, r-devel-linux-x86_64-fedora-clang, r-devel-linux-x86_64-fedora-gcc, r-devel-macos-arm64, r-devel-macos-x86_64, r-devel-windows-x86_64, r-patched-linux-x86_64, r-release-linux-x86_64, r-release-macos-arm64, r-release-macos-x86_64, r-release-windows-x86_64