Last updated on 2025-02-21 02:52:06 CET.
Flavor | Version | Tinstall | Tcheck | Ttotal | Status | Flags |
---|---|---|---|---|---|---|
r-devel-linux-x86_64-debian-clang | 1.0.1 | 18.26 | 151.85 | 170.11 | NOTE | |
r-devel-linux-x86_64-debian-gcc | 1.0.1 | 11.09 | 105.34 | 116.43 | NOTE | |
r-devel-linux-x86_64-fedora-clang | 1.0.1 | 270.31 | NOTE | |||
r-devel-linux-x86_64-fedora-gcc | 1.0.1 | 274.91 | NOTE | |||
r-devel-macos-arm64 | 1.0.1 | 92.00 | NOTE | |||
r-devel-macos-x86_64 | 1.0.1 | 167.00 | NOTE | |||
r-devel-windows-x86_64 | 1.0.1 | 18.00 | 163.00 | 181.00 | NOTE | |
r-patched-linux-x86_64 | 1.0.1 | 14.41 | 145.18 | 159.59 | NOTE | |
r-release-linux-x86_64 | 1.0.1 | 14.24 | 147.14 | 161.38 | NOTE | |
r-release-macos-arm64 | 1.0.1 | 74.00 | NOTE | |||
r-release-macos-x86_64 | 1.0.1 | 123.00 | NOTE | |||
r-release-windows-x86_64 | 1.0.1 | 17.00 | 163.00 | 180.00 | NOTE | |
r-oldrel-macos-arm64 | 1.0.1 | 84.00 | OK | |||
r-oldrel-macos-x86_64 | 1.0.1 | 141.00 | OK | |||
r-oldrel-windows-x86_64 | 1.0.1 | 22.00 | 184.00 | 206.00 | OK |
Version: 1.0.1
Check: Rd files
Result: NOTE
checkRd: (-1) bma.bx.cy.Rd:69: Lost braces
69 | the initial values for parameters in models. For example, inits<-function(){list(alpha=0,beta=0,c=0,var1=0.5,r=1,lamda=0.01)}.
| ^
Flavors: r-devel-linux-x86_64-debian-clang, r-devel-linux-x86_64-debian-gcc, r-devel-linux-x86_64-fedora-clang, r-devel-linux-x86_64-fedora-gcc, r-devel-macos-arm64, r-devel-macos-x86_64, r-devel-windows-x86_64, r-patched-linux-x86_64, r-release-linux-x86_64, r-release-macos-arm64, r-release-macos-x86_64, r-release-windows-x86_64