Last updated on 2024-05-21 14:57:03 CEST.
Flavor | Version | Tinstall | Tcheck | Ttotal | Status | Flags |
---|---|---|---|---|---|---|
r-devel-linux-x86_64-debian-clang | 0.2.3 | 1.57 | 33.96 | 35.53 | NOTE | |
r-devel-linux-x86_64-debian-gcc | 0.2.3 | 1.64 | 25.91 | 27.55 | NOTE | |
r-devel-linux-x86_64-fedora-clang | 0.2.3 | 49.25 | NOTE | |||
r-devel-linux-x86_64-fedora-gcc | 0.2.3 | 56.63 | NOTE | |||
r-devel-windows-x86_64 | 0.2.3 | 3.00 | 49.00 | 52.00 | NOTE | |
r-patched-linux-x86_64 | 0.2.3 | 2.47 | 33.23 | 35.70 | NOTE | |
r-release-linux-x86_64 | 0.2.3 | 2.09 | 33.13 | 35.22 | NOTE | |
r-release-macos-arm64 | 0.2.3 | 21.00 | NOTE | |||
r-release-windows-x86_64 | 0.2.3 | 2.00 | 48.00 | 50.00 | NOTE | |
r-oldrel-macos-arm64 | 0.2.3 | 23.00 | NOTE | |||
r-oldrel-macos-x86_64 | 0.2.3 | 36.00 | NOTE | |||
r-oldrel-windows-x86_64 | 0.2.3 | 3.00 | 50.00 | 53.00 | NOTE |
Version: 0.2.3
Check: LazyData
Result: NOTE
'LazyData' is specified without a 'data' directory
Flavors: r-devel-linux-x86_64-debian-clang, r-devel-linux-x86_64-debian-gcc, r-devel-linux-x86_64-fedora-clang, r-devel-linux-x86_64-fedora-gcc, r-devel-windows-x86_64, r-patched-linux-x86_64, r-release-linux-x86_64, r-release-macos-arm64, r-release-windows-x86_64, r-oldrel-macos-arm64, r-oldrel-macos-x86_64, r-oldrel-windows-x86_64