Last updated on 2025-02-16 14:50:26 CET.
Flavor | Version | Tinstall | Tcheck | Ttotal | Status | Flags |
---|---|---|---|---|---|---|
r-devel-linux-x86_64-debian-clang | 2.0.4 | 80.63 | 76.93 | 157.56 | OK | |
r-devel-linux-x86_64-debian-gcc | 2.0.4 | 61.24 | 69.24 | 130.48 | OK | |
r-devel-linux-x86_64-fedora-clang | 2.0.4 | 247.00 | OK | |||
r-devel-linux-x86_64-fedora-gcc | 2.0.4 | 279.89 | OK | |||
r-devel-macos-arm64 | 2.0.4 | 73.00 | OK | |||
r-devel-macos-x86_64 | 2.0.4 | 126.00 | OK | |||
r-devel-windows-x86_64 | 2.0.4 | 73.00 | 113.00 | 186.00 | OK | |
r-patched-linux-x86_64 | 2.0.4 | 83.34 | 82.34 | 165.68 | OK | |
r-release-linux-x86_64 | 2.0.4 | 85.26 | 82.64 | 167.90 | OK | |
r-release-macos-arm64 | 2.0.4 | 70.00 | NOTE | |||
r-release-macos-x86_64 | 2.0.4 | 98.00 | NOTE | |||
r-release-windows-x86_64 | 2.0.4 | 77.00 | 111.00 | 188.00 | OK | |
r-oldrel-macos-arm64 | 2.0.4 | 75.00 | NOTE | |||
r-oldrel-macos-x86_64 | 2.0.4 | 171.00 | NOTE | |||
r-oldrel-windows-x86_64 | 2.0.4 | 94.00 | 131.00 | 225.00 | OK |
Version: 2.0.4
Check: installed package size
Result: NOTE
installed size is 31.1Mb
sub-directories of 1Mb or more:
libs 30.1Mb
Flavors: r-release-macos-arm64, r-release-macos-x86_64, r-oldrel-macos-arm64, r-oldrel-macos-x86_64