Last updated on 2025-02-18 02:50:31 CET.
Flavor | Version | Tinstall | Tcheck | Ttotal | Status | Flags |
---|---|---|---|---|---|---|
r-devel-linux-x86_64-debian-clang | 1.10.6 | 3.04 | 32.28 | 35.32 | OK | |
r-devel-linux-x86_64-debian-gcc | 1.10.6 | 2.40 | 25.85 | 28.25 | OK | |
r-devel-linux-x86_64-fedora-clang | 1.10.6 | 59.28 | OK | |||
r-devel-linux-x86_64-fedora-gcc | 1.10.6 | 54.16 | OK | |||
r-devel-macos-arm64 | 1.10.6 | 23.00 | OK | |||
r-devel-macos-x86_64 | 1.10.6 | 55.00 | OK | |||
r-devel-windows-x86_64 | 1.10.6 | 5.00 | 50.00 | 55.00 | OK | |
r-patched-linux-x86_64 | 1.10.6 | 3.38 | 30.94 | 34.32 | NOTE | |
r-release-linux-x86_64 | 1.10.6 | 2.93 | 31.34 | 34.27 | NOTE | |
r-release-macos-arm64 | 1.10.6 | 27.00 | NOTE | |||
r-release-macos-x86_64 | 1.10.6 | 47.00 | NOTE | |||
r-release-windows-x86_64 | 1.10.6 | 4.00 | 49.00 | 53.00 | NOTE | |
r-oldrel-macos-arm64 | 1.10.6 | 25.00 | NOTE | |||
r-oldrel-macos-x86_64 | 1.10.6 | 35.00 | NOTE | |||
r-oldrel-windows-x86_64 | 1.10.6 | 4.00 | 62.00 | 66.00 | NOTE |
Version: 1.10.6
Check: LazyData
Result: NOTE
'LazyData' is specified without a 'data' directory
Flavors: r-patched-linux-x86_64, r-release-linux-x86_64, r-release-macos-arm64, r-release-macos-x86_64, r-release-windows-x86_64, r-oldrel-macos-arm64, r-oldrel-macos-x86_64, r-oldrel-windows-x86_64
Version: 1.10.6
Check: installed package size
Result: NOTE
installed size is 7.8Mb
sub-directories of 1Mb or more:
java 7.7Mb
Flavors: r-release-macos-arm64, r-release-macos-x86_64, r-release-windows-x86_64, r-oldrel-macos-arm64, r-oldrel-macos-x86_64, r-oldrel-windows-x86_64