Last updated on 2025-02-18 02:50:31 CET.
Flavor | Version | Tinstall | Tcheck | Ttotal | Status | Flags |
---|---|---|---|---|---|---|
r-devel-linux-x86_64-debian-clang | 1.0.0 | 26.63 | 101.59 | 128.22 | NOTE | |
r-devel-linux-x86_64-debian-gcc | 1.0.0 | 19.74 | 70.01 | 89.75 | NOTE | |
r-devel-linux-x86_64-fedora-clang | 1.0.0 | 212.30 | NOTE | |||
r-devel-linux-x86_64-fedora-gcc | 1.0.0 | 216.43 | NOTE | |||
r-devel-macos-arm64 | 1.0.0 | 74.00 | NOTE | |||
r-devel-macos-x86_64 | 1.0.0 | 137.00 | NOTE | |||
r-devel-windows-x86_64 | 1.0.0 | 30.00 | 127.00 | 157.00 | NOTE | |
r-patched-linux-x86_64 | 1.0.0 | 27.17 | 90.28 | 117.45 | NOTE | |
r-release-linux-x86_64 | 1.0.0 | 27.53 | 90.33 | 117.86 | NOTE | |
r-release-macos-arm64 | 1.0.0 | 70.00 | NOTE | |||
r-release-macos-x86_64 | 1.0.0 | 102.00 | NOTE | |||
r-release-windows-x86_64 | 1.0.0 | 33.00 | 128.00 | 161.00 | NOTE | |
r-oldrel-macos-arm64 | 1.0.0 | 89.00 | NOTE | |||
r-oldrel-macos-x86_64 | 1.0.0 | 128.00 | NOTE | |||
r-oldrel-windows-x86_64 | 1.0.0 | 38.00 | 149.00 | 187.00 | NOTE |
Version: 1.0.0
Check: C++ specification
Result: NOTE
Specified C++11: please drop specification unless essential
Flavors: r-devel-linux-x86_64-debian-clang, r-devel-linux-x86_64-debian-gcc, r-devel-linux-x86_64-fedora-clang, r-devel-linux-x86_64-fedora-gcc, r-devel-macos-arm64, r-devel-macos-x86_64, r-devel-windows-x86_64, r-patched-linux-x86_64, r-release-linux-x86_64, r-release-macos-arm64, r-release-macos-x86_64, r-release-windows-x86_64, r-oldrel-macos-arm64, r-oldrel-macos-x86_64, r-oldrel-windows-x86_64
Version: 1.0.0
Check: LazyData
Result: NOTE
'LazyData' is specified without a 'data' directory
Flavors: r-patched-linux-x86_64, r-release-linux-x86_64, r-release-macos-arm64, r-release-macos-x86_64, r-release-windows-x86_64, r-oldrel-macos-arm64, r-oldrel-macos-x86_64, r-oldrel-windows-x86_64