Last updated on 2025-02-21 02:52:06 CET.
Flavor | Version | Tinstall | Tcheck | Ttotal | Status | Flags |
---|---|---|---|---|---|---|
r-devel-linux-x86_64-debian-clang | 0.2.10 | 15.25 | 52.12 | 67.37 | OK | |
r-devel-linux-x86_64-debian-gcc | 0.2.10 | 12.06 | 37.96 | 50.02 | OK | |
r-devel-linux-x86_64-fedora-clang | 0.2.10 | 120.99 | OK | |||
r-devel-linux-x86_64-fedora-gcc | 0.2.10 | 124.27 | OK | |||
r-devel-macos-arm64 | 0.2.10 | 45.00 | OK | |||
r-devel-macos-x86_64 | 0.2.10 | 83.00 | OK | |||
r-devel-windows-x86_64 | 0.2.10 | 23.00 | 85.00 | 108.00 | OK | |
r-patched-linux-x86_64 | 0.2.10 | 16.41 | 48.39 | 64.80 | NOTE | |
r-release-linux-x86_64 | 0.2.10 | 16.04 | 48.16 | 64.20 | NOTE | |
r-release-macos-arm64 | 0.2.10 | 43.00 | NOTE | |||
r-release-macos-x86_64 | 0.2.10 | 60.00 | NOTE | |||
r-release-windows-x86_64 | 0.2.10 | 22.00 | 86.00 | 108.00 | NOTE | |
r-oldrel-macos-arm64 | 0.2.10 | 45.00 | NOTE | |||
r-oldrel-macos-x86_64 | 0.2.10 | 66.00 | NOTE | |||
r-oldrel-windows-x86_64 | 0.2.10 | 25.00 | 115.00 | 140.00 | NOTE |
Version: 0.2.10
Check: LazyData
Result: NOTE
'LazyData' is specified without a 'data' directory
Flavors: r-patched-linux-x86_64, r-release-linux-x86_64, r-release-macos-arm64, r-release-macos-x86_64, r-release-windows-x86_64, r-oldrel-macos-arm64, r-oldrel-macos-x86_64, r-oldrel-windows-x86_64