CRAN Package Check Results for Package BurStMisc

Last updated on 2025-02-21 02:52:07 CET.

Flavor Version Tinstall Tcheck Ttotal Status Flags
r-devel-linux-x86_64-debian-clang 1.1 2.14 21.73 23.87 OK
r-devel-linux-x86_64-debian-gcc 1.1 1.67 16.68 18.35 OK
r-devel-linux-x86_64-fedora-clang 1.1 41.62 OK
r-devel-linux-x86_64-fedora-gcc 1.1 38.41 OK
r-devel-macos-arm64 1.1 17.00 OK
r-devel-macos-x86_64 1.1 28.00 OK
r-devel-windows-x86_64 1.1 3.00 50.00 53.00 OK
r-patched-linux-x86_64 1.1 2.19 20.76 22.95 NOTE
r-release-linux-x86_64 1.1 1.85 20.87 22.72 NOTE
r-release-macos-arm64 1.1 22.00 NOTE
r-release-macos-x86_64 1.1 23.00 NOTE
r-release-windows-x86_64 1.1 3.00 48.00 51.00 NOTE
r-oldrel-macos-arm64 1.1 16.00 NOTE
r-oldrel-macos-x86_64 1.1 22.00 NOTE
r-oldrel-windows-x86_64 1.1 4.00 55.00 59.00 NOTE

Check Details

Version: 1.1
Check: LazyData
Result: NOTE 'LazyData' is specified without a 'data' directory Flavors: r-patched-linux-x86_64, r-release-linux-x86_64, r-release-macos-arm64, r-release-macos-x86_64, r-release-windows-x86_64, r-oldrel-macos-arm64, r-oldrel-macos-x86_64, r-oldrel-windows-x86_64