CRAN Package Check Results for Package BusinessDuration

Last updated on 2025-02-18 02:50:32 CET.

Flavor Version Tinstall Tcheck Ttotal Status Flags
r-devel-linux-x86_64-debian-clang 0.2.0 1.94 16.64 18.58 OK
r-devel-linux-x86_64-debian-gcc 0.2.0 1.44 13.74 15.18 OK
r-devel-linux-x86_64-fedora-clang 0.2.0 31.23 OK
r-devel-linux-x86_64-fedora-gcc 0.2.0 30.21 OK
r-devel-macos-arm64 0.2.0 15.00 OK
r-devel-macos-x86_64 0.2.0 22.00 OK
r-devel-windows-x86_64 0.2.0 4.00 39.00 43.00 OK
r-patched-linux-x86_64 0.2.0 1.78 16.14 17.92 NOTE
r-release-linux-x86_64 0.2.0 1.88 15.98 17.86 NOTE
r-release-macos-arm64 0.2.0 20.00 NOTE
r-release-macos-x86_64 0.2.0 21.00 NOTE
r-release-windows-x86_64 0.2.0 3.00 39.00 42.00 NOTE
r-oldrel-macos-arm64 0.2.0 15.00 NOTE
r-oldrel-macos-x86_64 0.2.0 19.00 NOTE
r-oldrel-windows-x86_64 0.2.0 4.00 39.00 43.00 NOTE

Check Details

Version: 0.2.0
Check: LazyData
Result: NOTE 'LazyData' is specified without a 'data' directory Flavors: r-patched-linux-x86_64, r-release-linux-x86_64, r-release-macos-arm64, r-release-macos-x86_64, r-release-windows-x86_64, r-oldrel-macos-arm64, r-oldrel-macos-x86_64, r-oldrel-windows-x86_64