Last updated on 2025-02-20 14:50:47 CET.
Flavor | Version | Tinstall | Tcheck | Ttotal | Status | Flags |
---|---|---|---|---|---|---|
r-devel-linux-x86_64-debian-clang | 2.2.1 | 176.23 | 70.57 | 246.80 | OK | |
r-devel-linux-x86_64-debian-gcc | 2.2.1 | 142.50 | 55.80 | 198.30 | OK | |
r-devel-linux-x86_64-fedora-clang | 2.2.1 | 471.69 | OK | |||
r-devel-linux-x86_64-fedora-gcc | 2.2.1 | 511.86 | OK | |||
r-devel-macos-arm64 | 2.2.1 | 108.00 | OK | |||
r-devel-macos-x86_64 | 2.2.1 | 138.00 | OK | |||
r-devel-windows-x86_64 | 2.2.1 | 177.00 | 120.00 | 297.00 | OK | |
r-patched-linux-x86_64 | 2.2.1 | 199.64 | 73.06 | 272.70 | OK | |
r-release-linux-x86_64 | 2.2.1 | 203.64 | 72.99 | 276.63 | OK | |
r-release-macos-arm64 | 2.2.1 | 114.00 | NOTE | |||
r-release-macos-x86_64 | 2.2.1 | 158.00 | NOTE | |||
r-release-windows-x86_64 | 2.2.1 | 177.00 | 112.00 | 289.00 | OK | |
r-oldrel-macos-arm64 | 2.2.1 | 115.00 | NOTE | |||
r-oldrel-macos-x86_64 | 2.2.1 | 138.00 | NOTE | |||
r-oldrel-windows-x86_64 | 2.2.1 | 235.00 | 142.00 | 377.00 | OK |
Version: 2.2.1
Check: installed package size
Result: NOTE
installed size is 24.5Mb
sub-directories of 1Mb or more:
libs 24.1Mb
Flavors: r-release-macos-arm64, r-release-macos-x86_64, r-oldrel-macos-arm64, r-oldrel-macos-x86_64