Last updated on 2025-02-21 02:52:07 CET.
Flavor | Version | Tinstall | Tcheck | Ttotal | Status | Flags |
---|---|---|---|---|---|---|
r-devel-linux-x86_64-debian-clang | 0.1.0 | 27.46 | 62.87 | 90.33 | NOTE | |
r-devel-linux-x86_64-debian-gcc | 0.1.0 | 19.43 | 45.15 | 64.58 | NOTE | |
r-devel-linux-x86_64-fedora-clang | 0.1.0 | 172.61 | NOTE | |||
r-devel-linux-x86_64-fedora-gcc | 0.1.0 | 148.61 | NOTE | |||
r-devel-macos-arm64 | 0.1.0 | 45.00 | NOTE | |||
r-devel-macos-x86_64 | 0.1.0 | 76.00 | NOTE | |||
r-devel-windows-x86_64 | 0.1.0 | 33.00 | 98.00 | 131.00 | NOTE | |
r-patched-linux-x86_64 | 0.1.0 | 29.43 | 58.67 | 88.10 | NOTE | |
r-release-linux-x86_64 | 0.1.0 | 25.94 | 58.51 | 84.45 | NOTE | |
r-release-macos-arm64 | 0.1.0 | 41.00 | NOTE | |||
r-release-macos-x86_64 | 0.1.0 | 69.00 | NOTE | |||
r-release-windows-x86_64 | 0.1.0 | 33.00 | 90.00 | 123.00 | NOTE | |
r-oldrel-macos-arm64 | 0.1.0 | 48.00 | NOTE | |||
r-oldrel-macos-x86_64 | 0.1.0 | 79.00 | NOTE | |||
r-oldrel-windows-x86_64 | 0.1.0 | 41.00 | 109.00 | 150.00 | NOTE |
Version: 0.1.0
Check: C++ specification
Result: NOTE
Specified C++11: please drop specification unless essential
Flavors: r-devel-linux-x86_64-debian-clang, r-devel-linux-x86_64-debian-gcc, r-devel-linux-x86_64-fedora-clang, r-devel-linux-x86_64-fedora-gcc, r-devel-macos-arm64, r-devel-macos-x86_64, r-devel-windows-x86_64, r-patched-linux-x86_64, r-release-linux-x86_64, r-release-macos-arm64, r-release-macos-x86_64, r-release-windows-x86_64, r-oldrel-macos-arm64, r-oldrel-macos-x86_64, r-oldrel-windows-x86_64