Last updated on 2025-02-21 02:52:08 CET.
Flavor | Version | Tinstall | Tcheck | Ttotal | Status | Flags |
---|---|---|---|---|---|---|
r-devel-linux-x86_64-debian-clang | 1.2.0 | 16.68 | 117.18 | 133.86 | OK | |
r-devel-linux-x86_64-debian-gcc | 1.2.0 | 10.62 | 77.29 | 87.91 | OK | |
r-devel-linux-x86_64-fedora-clang | 1.2.0 | 224.24 | NOTE | |||
r-devel-linux-x86_64-fedora-gcc | 1.2.0 | 193.46 | NOTE | |||
r-devel-macos-arm64 | 1.2.0 | 56.00 | OK | |||
r-devel-macos-x86_64 | 1.2.0 | 113.00 | OK | |||
r-devel-windows-x86_64 | 1.2.0 | 16.00 | 126.00 | 142.00 | OK | |
r-patched-linux-x86_64 | 1.2.0 | 15.34 | 104.83 | 120.17 | OK | |
r-release-linux-x86_64 | 1.2.0 | 12.96 | 106.11 | 119.07 | OK | |
r-release-macos-arm64 | 1.2.0 | 58.00 | OK | |||
r-release-macos-x86_64 | 1.2.0 | 80.00 | OK | |||
r-release-windows-x86_64 | 1.2.0 | 19.00 | 125.00 | 144.00 | OK | |
r-oldrel-macos-arm64 | 1.2.0 | 60.00 | OK | |||
r-oldrel-macos-x86_64 | 1.2.0 | 95.00 | OK | |||
r-oldrel-windows-x86_64 | 1.2.0 | 24.00 | 148.00 | 172.00 | OK |
Version: 1.2.0
Check: dependencies in R code
Result: NOTE
Namespace in Imports field not imported from: ‘magrittr’
All declared Imports should be used.
Flavors: r-devel-linux-x86_64-fedora-clang, r-devel-linux-x86_64-fedora-gcc