Last updated on 2025-02-21 02:52:08 CET.
Flavor | Version | Tinstall | Tcheck | Ttotal | Status | Flags |
---|---|---|---|---|---|---|
r-devel-linux-x86_64-debian-clang | 0.1-2 | 2.38 | 26.95 | 29.33 | NOTE | |
r-devel-linux-x86_64-debian-gcc | 0.1-2 | 1.73 | 20.34 | 22.07 | NOTE | |
r-devel-linux-x86_64-fedora-clang | 0.1-2 | 47.78 | NOTE | |||
r-devel-linux-x86_64-fedora-gcc | 0.1-2 | 43.86 | NOTE | |||
r-devel-macos-arm64 | 0.1-2 | 19.00 | NOTE | |||
r-devel-macos-x86_64 | 0.1-2 | 35.00 | NOTE | |||
r-devel-windows-x86_64 | 0.1-2 | 4.00 | 52.00 | 56.00 | NOTE | |
r-patched-linux-x86_64 | 0.1-2 | 2.63 | 24.98 | 27.61 | NOTE | |
r-release-linux-x86_64 | 0.1-2 | 2.19 | 25.01 | 27.20 | NOTE | |
r-release-macos-arm64 | 0.1-2 | 19.00 | NOTE | |||
r-release-macos-x86_64 | 0.1-2 | 25.00 | NOTE | |||
r-release-windows-x86_64 | 0.1-2 | 4.00 | 48.00 | 52.00 | NOTE | |
r-oldrel-macos-arm64 | 0.1-2 | 23.00 | OK | |||
r-oldrel-macos-x86_64 | 0.1-2 | 22.00 | OK | |||
r-oldrel-windows-x86_64 | 0.1-2 | 4.00 | 48.00 | 52.00 | OK |
Version: 0.1-2
Check: Rd files
Result: NOTE
checkRd: (-1) cnlt.reg.Rd:43: Lost braces
43 | \emph{Technometrics}, bold{60} (1), 48-60, DOI 10.1080/00401706.2017.1281846.\cr\cr
| ^
checkRd: (-1) fwtnppermC.Rd:35: Lost braces
35 | Given \eqn{n} points on a line, \env{x}, each with a corresponding env{f} value this function computes
| ^
Flavors: r-devel-linux-x86_64-debian-clang, r-devel-linux-x86_64-debian-gcc, r-devel-linux-x86_64-fedora-clang, r-devel-linux-x86_64-fedora-gcc, r-devel-macos-arm64, r-devel-macos-x86_64, r-devel-windows-x86_64, r-patched-linux-x86_64, r-release-linux-x86_64, r-release-macos-arm64, r-release-macos-x86_64, r-release-windows-x86_64