CRAN Package Check Results for Package CREAM

Last updated on 2025-02-21 02:52:08 CET.

Flavor Version Tinstall Tcheck Ttotal Status Flags
r-devel-linux-x86_64-debian-clang 1.1.1 1.96 20.19 22.15 OK
r-devel-linux-x86_64-debian-gcc 1.1.1 1.58 16.19 17.77 OK
r-devel-linux-x86_64-fedora-clang 1.1.1 38.43 OK
r-devel-linux-x86_64-fedora-gcc 1.1.1 33.43 OK
r-devel-macos-arm64 1.1.1 17.00 OK
r-devel-macos-x86_64 1.1.1 30.00 OK
r-devel-windows-x86_64 1.1.1 3.00 47.00 50.00 OK
r-patched-linux-x86_64 1.1.1 1.71 19.37 21.08 NOTE
r-release-linux-x86_64 1.1.1 1.73 19.16 20.89 NOTE
r-release-macos-arm64 1.1.1 15.00 NOTE
r-release-macos-x86_64 1.1.1 25.00 NOTE
r-release-windows-x86_64 1.1.1 3.00 46.00 49.00 NOTE
r-oldrel-macos-arm64 1.1.1 17.00 NOTE
r-oldrel-macos-x86_64 1.1.1 24.00 NOTE
r-oldrel-windows-x86_64 1.1.1 3.00 53.00 56.00 NOTE

Check Details

Version: 1.1.1
Check: LazyData
Result: NOTE 'LazyData' is specified without a 'data' directory Flavors: r-patched-linux-x86_64, r-release-linux-x86_64, r-release-macos-arm64, r-release-macos-x86_64, r-release-windows-x86_64, r-oldrel-macos-arm64, r-oldrel-macos-x86_64, r-oldrel-windows-x86_64