Last updated on 2025-02-21 02:52:07 CET.
Flavor | Version | Tinstall | Tcheck | Ttotal | Status | Flags |
---|---|---|---|---|---|---|
r-devel-linux-x86_64-debian-clang | 0.2.0 | 6.90 | 41.07 | 47.97 | OK | |
r-devel-linux-x86_64-debian-gcc | 0.2.0 | 5.80 | 30.30 | 36.10 | OK | |
r-devel-linux-x86_64-fedora-clang | 0.2.0 | 74.53 | NOTE | |||
r-devel-linux-x86_64-fedora-gcc | 0.2.0 | 84.41 | NOTE | |||
r-devel-macos-arm64 | 0.2.0 | 36.00 | OK | |||
r-devel-macos-x86_64 | 0.2.0 | 60.00 | OK | |||
r-devel-windows-x86_64 | 0.2.0 | 7.00 | 80.00 | 87.00 | OK | |
r-patched-linux-x86_64 | 0.2.0 | 7.67 | 38.14 | 45.81 | OK | |
r-release-linux-x86_64 | 0.2.0 | 7.39 | 38.56 | 45.95 | OK | |
r-release-macos-arm64 | 0.2.0 | 40.00 | OK | |||
r-release-macos-x86_64 | 0.2.0 | 62.00 | OK | |||
r-release-windows-x86_64 | 0.2.0 | 8.00 | 79.00 | 87.00 | OK | |
r-oldrel-macos-arm64 | 0.2.0 | 32.00 | OK | |||
r-oldrel-macos-x86_64 | 0.2.0 | 52.00 | OK | |||
r-oldrel-windows-x86_64 | 0.2.0 | 11.00 | 109.00 | 120.00 | OK |
Version: 0.2.0
Check: dependencies in R code
Result: NOTE
Namespace in Imports field not imported from: ‘data.table’
All declared Imports should be used.
Flavors: r-devel-linux-x86_64-fedora-clang, r-devel-linux-x86_64-fedora-gcc