Last updated on 2025-02-21 02:52:08 CET.
Flavor | Version | Tinstall | Tcheck | Ttotal | Status | Flags |
---|---|---|---|---|---|---|
r-devel-linux-x86_64-debian-clang | 0.9.0 | 114.90 | 40.63 | 155.53 | NOTE | |
r-devel-linux-x86_64-debian-gcc | 0.9.0 | 75.49 | 29.12 | 104.61 | NOTE | |
r-devel-linux-x86_64-fedora-clang | 0.9.0 | 297.55 | NOTE | |||
r-devel-linux-x86_64-fedora-gcc | 0.9.0 | 271.02 | NOTE | |||
r-devel-macos-arm64 | 0.9.0 | 60.00 | NOTE | |||
r-devel-macos-x86_64 | 0.9.0 | 77.00 | NOTE | |||
r-devel-windows-x86_64 | 0.9.0 | 113.00 | 82.00 | 195.00 | NOTE | |
r-patched-linux-x86_64 | 0.9.0 | 105.39 | 38.12 | 143.51 | NOTE | |
r-release-linux-x86_64 | 0.9.0 | 102.51 | 37.83 | 140.34 | NOTE | |
r-release-macos-arm64 | 0.9.0 | 59.00 | NOTE | |||
r-release-macos-x86_64 | 0.9.0 | 69.00 | NOTE | |||
r-release-windows-x86_64 | 0.9.0 | 115.00 | 88.00 | 203.00 | NOTE | |
r-oldrel-macos-arm64 | 0.9.0 | 81.00 | NOTE | |||
r-oldrel-macos-x86_64 | 0.9.0 | 129.00 | NOTE | |||
r-oldrel-windows-x86_64 | 0.9.0 | 138.00 | 106.00 | 244.00 | NOTE |
Version: 0.9.0
Check: C++ specification
Result: NOTE
Specified C++11: please drop specification unless essential
Flavors: r-devel-linux-x86_64-debian-clang, r-devel-linux-x86_64-debian-gcc, r-devel-linux-x86_64-fedora-clang, r-devel-linux-x86_64-fedora-gcc, r-devel-macos-arm64, r-devel-macos-x86_64, r-devel-windows-x86_64, r-patched-linux-x86_64, r-release-linux-x86_64, r-release-macos-arm64, r-release-macos-x86_64, r-release-windows-x86_64, r-oldrel-macos-arm64, r-oldrel-macos-x86_64, r-oldrel-windows-x86_64
Version: 0.9.0
Check: dependencies in R code
Result: NOTE
Namespaces in Imports field not imported from:
‘RInside’ ‘circular’
All declared Imports should be used.
Flavors: r-devel-linux-x86_64-fedora-clang, r-devel-linux-x86_64-fedora-gcc
Version: 0.9.0
Check: installed package size
Result: NOTE
installed size is 7.1Mb
sub-directories of 1Mb or more:
data 1.8Mb
libs 4.7Mb
Flavors: r-release-macos-arm64, r-release-macos-x86_64, r-oldrel-macos-arm64, r-oldrel-macos-x86_64