Last updated on 2025-02-21 02:52:08 CET.
Flavor | Version | Tinstall | Tcheck | Ttotal | Status | Flags |
---|---|---|---|---|---|---|
r-devel-linux-x86_64-debian-clang | 1.2.0 | 31.69 | 83.52 | 115.21 | NOTE | |
r-devel-linux-x86_64-debian-gcc | 1.2.0 | 21.04 | 58.53 | 79.57 | NOTE | |
r-devel-linux-x86_64-fedora-clang | 1.2.0 | 190.35 | OK | |||
r-devel-linux-x86_64-fedora-gcc | 1.2.0 | 173.96 | OK | |||
r-devel-macos-arm64 | 1.2.0 | 50.00 | OK | |||
r-devel-macos-x86_64 | 1.2.0 | 86.00 | OK | |||
r-devel-windows-x86_64 | 1.2.0 | 34.00 | 108.00 | 142.00 | NOTE | |
r-patched-linux-x86_64 | 1.2.0 | 34.10 | 75.76 | 109.86 | OK | |
r-release-linux-x86_64 | 1.2.0 | 27.59 | 76.02 | 103.61 | OK | |
r-release-macos-arm64 | 1.2.0 | 50.00 | OK | |||
r-release-macos-x86_64 | 1.2.0 | 72.00 | OK | |||
r-release-windows-x86_64 | 1.2.0 | 36.00 | 106.00 | 142.00 | OK | |
r-oldrel-macos-arm64 | 1.2.0 | 56.00 | OK | |||
r-oldrel-macos-x86_64 | 1.2.0 | 87.00 | OK | |||
r-oldrel-windows-x86_64 | 1.2.0 | 44.00 | 155.00 | 199.00 | OK |
Version: 1.2.0
Check: Rd cross-references
Result: NOTE
Found the following Rd file(s) with Rd \link{} targets missing package
anchors:
clusvisMixmod.Rd: MixmodCluster-class
clusvisVarSelLCM.Rd: VSLCMresults-class
Please provide package anchors for all Rd \link{} targets not in the
package itself and the base packages.
Flavors: r-devel-linux-x86_64-debian-clang, r-devel-linux-x86_64-debian-gcc, r-devel-windows-x86_64