Last updated on 2025-02-21 02:52:08 CET.
Flavor | Version | Tinstall | Tcheck | Ttotal | Status | Flags |
---|---|---|---|---|---|---|
r-devel-linux-x86_64-debian-clang | 0.1.0 | 27.82 | 280.54 | 308.36 | NOTE | |
r-devel-linux-x86_64-debian-gcc | 0.1.0 | 21.67 | 193.55 | 215.22 | NOTE | |
r-devel-linux-x86_64-fedora-clang | 0.1.0 | 485.70 | NOTE | |||
r-devel-linux-x86_64-fedora-gcc | 0.1.0 | 479.46 | NOTE | |||
r-devel-macos-arm64 | 0.1.0 | 131.00 | NOTE | |||
r-devel-macos-x86_64 | 0.1.0 | 260.00 | NOTE | |||
r-devel-windows-x86_64 | 0.1.0 | 30.00 | 249.00 | 279.00 | NOTE | |
r-patched-linux-x86_64 | 0.1.0 | 27.08 | 255.11 | 282.19 | NOTE | |
r-release-linux-x86_64 | 0.1.0 | 29.75 | 255.64 | 285.39 | NOTE | |
r-release-macos-arm64 | 0.1.0 | 148.00 | NOTE | |||
r-release-macos-x86_64 | 0.1.0 | 211.00 | NOTE | |||
r-release-windows-x86_64 | 0.1.0 | 31.00 | 240.00 | 271.00 | NOTE | |
r-oldrel-macos-arm64 | 0.1.0 | 142.00 | OK | |||
r-oldrel-macos-x86_64 | 0.1.0 | 254.00 | OK | |||
r-oldrel-windows-x86_64 | 0.1.0 | 41.00 | 313.00 | 354.00 | OK |
Version: 0.1.0
Check: Rd files
Result: NOTE
checkRd: (-1) NetStats.Rd:15: Lost braces in \itemize; \value handles \item{}{} directly
checkRd: (-1) NetStats.Rd:16: Lost braces in \itemize; \value handles \item{}{} directly
checkRd: (-1) NetStats.Rd:17: Lost braces in \itemize; \value handles \item{}{} directly
checkRd: (-1) NetStats.Rd:18: Lost braces in \itemize; \value handles \item{}{} directly
checkRd: (-1) NetStats.Rd:19: Lost braces in \itemize; \value handles \item{}{} directly
checkRd: (-1) NetStats.Rd:20: Lost braces in \itemize; \value handles \item{}{} directly
checkRd: (-1) NetStats.Rd:21: Lost braces in \itemize; \value handles \item{}{} directly
checkRd: (-1) NetStats.Rd:22: Lost braces in \itemize; \value handles \item{}{} directly
checkRd: (-1) NetStats.Rd:23: Lost braces in \itemize; \value handles \item{}{} directly
checkRd: (-1) generate_network.Rd:35: Lost braces in \itemize; \value handles \item{}{} directly
checkRd: (-1) generate_network.Rd:36: Lost braces in \itemize; \value handles \item{}{} directly
checkRd: (-1) generate_network.Rd:37: Lost braces in \itemize; \value handles \item{}{} directly
checkRd: (-1) generate_network.Rd:38: Lost braces in \itemize; \value handles \item{}{} directly
checkRd: (-1) generate_network.Rd:39: Lost braces in \itemize; \value handles \item{}{} directly
checkRd: (-1) generate_network.Rd:40: Lost braces in \itemize; \value handles \item{}{} directly
checkRd: (-1) generate_network.Rd:41: Lost braces in \itemize; \value handles \item{}{} directly
checkRd: (-1) generate_network.Rd:42: Lost braces in \itemize; \value handles \item{}{} directly
checkRd: (-1) generate_network.Rd:43: Lost braces in \itemize; \value handles \item{}{} directly
Flavors: r-devel-linux-x86_64-debian-clang, r-devel-linux-x86_64-debian-gcc, r-devel-linux-x86_64-fedora-clang, r-devel-linux-x86_64-fedora-gcc, r-devel-macos-arm64, r-devel-macos-x86_64, r-devel-windows-x86_64, r-patched-linux-x86_64, r-release-linux-x86_64, r-release-macos-arm64, r-release-macos-x86_64, r-release-windows-x86_64