Last updated on 2025-02-21 02:52:08 CET.
Flavor | Version | Tinstall | Tcheck | Ttotal | Status | Flags |
---|---|---|---|---|---|---|
r-devel-linux-x86_64-debian-clang | 1.1.2 | 23.79 | 47.28 | 71.07 | NOTE | |
r-devel-linux-x86_64-debian-gcc | 1.1.2 | 17.76 | 33.61 | 51.37 | NOTE | |
r-devel-linux-x86_64-fedora-clang | 1.1.2 | 123.24 | NOTE | |||
r-devel-linux-x86_64-fedora-gcc | 1.1.2 | 113.51 | NOTE | |||
r-devel-macos-arm64 | 1.1.2 | 36.00 | NOTE | |||
r-devel-macos-x86_64 | 1.1.2 | 66.00 | NOTE | |||
r-devel-windows-x86_64 | 1.1.2 | 27.00 | 91.00 | 118.00 | NOTE | |
r-patched-linux-x86_64 | 1.1.2 | 21.06 | 44.21 | 65.27 | NOTE | |
r-release-linux-x86_64 | 1.1.2 | 24.52 | 43.61 | 68.13 | NOTE | |
r-release-macos-arm64 | 1.1.2 | 36.00 | NOTE | |||
r-release-macos-x86_64 | 1.1.2 | 53.00 | NOTE | |||
r-release-windows-x86_64 | 1.1.2 | 29.00 | 93.00 | 122.00 | NOTE | |
r-oldrel-macos-arm64 | 1.1.2 | 39.00 | NOTE | |||
r-oldrel-macos-x86_64 | 1.1.2 | 62.00 | NOTE | |||
r-oldrel-windows-x86_64 | 1.1.2 | 37.00 | 101.00 | 138.00 | NOTE |
Version: 1.1.2
Check: C++ specification
Result: NOTE
Specified C++11: please drop specification unless essential
Flavors: r-devel-linux-x86_64-debian-clang, r-devel-linux-x86_64-debian-gcc, r-devel-linux-x86_64-fedora-clang, r-devel-linux-x86_64-fedora-gcc, r-devel-macos-arm64, r-devel-macos-x86_64, r-devel-windows-x86_64, r-patched-linux-x86_64, r-release-linux-x86_64, r-release-macos-arm64, r-release-macos-x86_64, r-release-windows-x86_64, r-oldrel-macos-arm64, r-oldrel-macos-x86_64, r-oldrel-windows-x86_64