Last updated on 2025-02-21 02:52:08 CET.
Flavor | Version | Tinstall | Tcheck | Ttotal | Status | Flags |
---|---|---|---|---|---|---|
r-devel-linux-x86_64-debian-clang | 0.6.6 | 10.60 | 69.08 | 79.68 | OK | |
r-devel-linux-x86_64-debian-gcc | 0.6.6 | 5.09 | 47.11 | 52.20 | ERROR | |
r-devel-linux-x86_64-fedora-clang | 0.6.6 | 127.08 | OK | |||
r-devel-linux-x86_64-fedora-gcc | 0.6.6 | 143.46 | OK | |||
r-devel-macos-arm64 | 0.6.6 | 43.00 | OK | |||
r-devel-macos-x86_64 | 0.6.6 | 84.00 | OK | |||
r-devel-windows-x86_64 | 0.6.6 | 10.00 | 90.00 | 100.00 | OK | |
r-patched-linux-x86_64 | 0.6.6 | 10.50 | 64.65 | 75.15 | OK | |
r-release-linux-x86_64 | 0.6.6 | 10.29 | 64.03 | 74.32 | OK | |
r-release-macos-arm64 | 0.6.6 | 45.00 | OK | |||
r-release-macos-x86_64 | 0.6.6 | 67.00 | OK | |||
r-release-windows-x86_64 | 0.6.6 | 10.00 | 90.00 | 100.00 | OK | |
r-oldrel-macos-arm64 | 0.6.6 | 76.00 | OK | |||
r-oldrel-macos-x86_64 | 0.6.6 | 188.00 | OK | |||
r-oldrel-windows-x86_64 | 0.6.6 | 13.00 | 112.00 | 125.00 | OK |
Version: 0.6.6
Check: tests
Result: ERROR
Running ‘draw.R’ [1s/1s]
Running ‘inputs.R’ [1s/1s]
Running ‘thread.R’ [2s/2s]
Running ‘varDeps.R’ [1s/1s]
Running the tests in ‘tests/draw.R’ failed.
Complete output:
> library(CodeDepends)
> library(Rgraphviz)
Error in library(Rgraphviz) : there is no package called 'Rgraphviz'
Execution halted
Flavor: r-devel-linux-x86_64-debian-gcc