CRAN Package Check Results for Package CoxPlus

Last updated on 2025-02-21 02:52:08 CET.

Flavor Version Tinstall Tcheck Ttotal Status Flags
r-devel-linux-x86_64-debian-clang 1.1.1 39.22 24.78 64.00 NOTE
r-devel-linux-x86_64-debian-gcc 1.1.1 31.20 19.23 50.43 NOTE
r-devel-linux-x86_64-fedora-clang 1.1.1 103.70 NOTE
r-devel-linux-x86_64-fedora-gcc 1.1.1 119.89 NOTE
r-devel-macos-arm64 1.1.1 33.00 NOTE
r-devel-macos-x86_64 1.1.1 71.00 NOTE
r-devel-windows-x86_64 1.1.1 40.00 62.00 102.00 OK
r-patched-linux-x86_64 1.1.1 44.18 23.42 67.60 NOTE
r-release-linux-x86_64 1.1.1 44.81 23.34 68.15 NOTE
r-release-macos-arm64 1.1.1 32.00 NOTE
r-release-macos-x86_64 1.1.1 54.00 NOTE
r-release-windows-x86_64 1.1.1 40.00 63.00 103.00 NOTE
r-oldrel-macos-arm64 1.1.1 33.00 NOTE
r-oldrel-macos-x86_64 1.1.1 61.00 NOTE
r-oldrel-windows-x86_64 1.1.1 47.00 77.00 124.00 NOTE

Check Details

Version: 1.1.1
Check: C++ specification
Result: NOTE Specified C++11: please drop specification unless essential Flavors: r-devel-linux-x86_64-debian-clang, r-devel-linux-x86_64-debian-gcc, r-devel-linux-x86_64-fedora-clang, r-devel-linux-x86_64-fedora-gcc, r-devel-macos-arm64, r-devel-macos-x86_64, r-patched-linux-x86_64, r-release-linux-x86_64, r-release-macos-arm64, r-release-macos-x86_64, r-oldrel-macos-arm64, r-oldrel-macos-x86_64

Version: 1.1.1
Check: compiled code
Result: NOTE File ‘CoxPlus/libs/CoxPlus.so’: Found no calls to: ‘R_registerRoutines’, ‘R_useDynamicSymbols’ It is good practice to register native routines and to disable symbol search. See ‘Writing portable packages’ in the ‘Writing R Extensions’ manual. Flavors: r-devel-linux-x86_64-fedora-clang, r-devel-linux-x86_64-fedora-gcc

Version: 1.1.1
Check: LazyData
Result: NOTE 'LazyData' is specified without a 'data' directory Flavors: r-patched-linux-x86_64, r-release-linux-x86_64, r-release-macos-arm64, r-release-macos-x86_64, r-release-windows-x86_64, r-oldrel-macos-arm64, r-oldrel-macos-x86_64, r-oldrel-windows-x86_64

Version: 1.1.1
Check: installed package size
Result: NOTE installed size is 6.6Mb sub-directories of 1Mb or more: libs 6.5Mb Flavors: r-release-macos-arm64, r-release-macos-x86_64, r-oldrel-macos-arm64, r-oldrel-macos-x86_64