Last updated on 2025-05-17 14:50:09 CEST.
Flavor | Version | Tinstall | Tcheck | Ttotal | Status | Flags |
---|---|---|---|---|---|---|
r-devel-linux-x86_64-debian-clang | 0.1-22 | 33.98 | 158.50 | 192.48 | NOTE | |
r-devel-linux-x86_64-debian-gcc | 0.1-22 | 24.67 | 116.28 | 140.95 | NOTE | |
r-devel-linux-x86_64-fedora-clang | 0.1-22 | 326.09 | OK | |||
r-devel-linux-x86_64-fedora-gcc | 0.1-22 | 315.27 | OK | |||
r-devel-windows-x86_64 | 0.1-22 | 41.00 | 205.00 | 246.00 | OK | |
r-patched-linux-x86_64 | 0.1-22 | 33.66 | 149.51 | 183.17 | OK | |
r-release-linux-x86_64 | 0.1-22 | 30.43 | 151.17 | 181.60 | OK | |
r-release-macos-arm64 | 0.1-22 | 116.00 | OK | |||
r-release-macos-x86_64 | 0.1-22 | 175.00 | OK | |||
r-release-windows-x86_64 | 0.1-22 | 41.00 | 208.00 | 249.00 | OK | |
r-oldrel-macos-arm64 | 0.1-22 | 90.00 | OK | |||
r-oldrel-macos-x86_64 | 0.1-22 | 187.00 | OK | |||
r-oldrel-windows-x86_64 | 0.1-22 | 48.00 | 246.00 | 294.00 | OK |
Version: 0.1-22
Check: CRAN incoming feasibility
Result: NOTE
Maintainer: ‘Kornelius Rohmeyer <rohmeyer@small-projects.de>’
No Authors@R field in DESCRIPTION.
Please add one, modifying
Authors@R: person(given = "Kornelius",
family = "Rohmeyer",
role = c("aut", "cre"),
email = "rohmeyer@small-projects.de")
as necessary.
Flavors: r-devel-linux-x86_64-debian-clang, r-devel-linux-x86_64-debian-gcc