Last updated on 2025-02-21 02:52:09 CET.
Flavor | Version | Tinstall | Tcheck | Ttotal | Status | Flags |
---|---|---|---|---|---|---|
r-devel-linux-x86_64-debian-clang | 1.0.1 | 67.73 | 283.21 | 350.94 | NOTE | |
r-devel-linux-x86_64-debian-gcc | 1.0.1 | 49.68 | 198.55 | 248.23 | NOTE | |
r-devel-linux-x86_64-fedora-clang | 1.0.1 | 556.91 | OK | |||
r-devel-linux-x86_64-fedora-gcc | 1.0.1 | 552.97 | OK | |||
r-devel-macos-arm64 | 1.0.1 | 153.00 | OK | |||
r-devel-macos-x86_64 | 1.0.1 | 281.00 | OK | |||
r-devel-windows-x86_64 | 1.0.1 | 63.00 | 255.00 | 318.00 | NOTE | |
r-patched-linux-x86_64 | 1.0.1 | 74.05 | 260.77 | 334.82 | OK | |
r-release-linux-x86_64 | 1.0.1 | 60.66 | 261.91 | 322.57 | OK | |
r-release-macos-arm64 | 1.0.1 | 146.00 | OK | |||
r-release-macos-x86_64 | 1.0.1 | 214.00 | OK | |||
r-release-windows-x86_64 | 1.0.1 | 60.00 | 262.00 | 322.00 | OK | |
r-oldrel-macos-arm64 | 1.0.1 | 162.00 | OK | |||
r-oldrel-macos-x86_64 | 1.0.1 | 276.00 | OK | |||
r-oldrel-windows-x86_64 | 1.0.1 | 87.00 | 347.00 | 434.00 | OK |
Version: 1.0.1
Check: Rd cross-references
Result: NOTE
Found the following Rd file(s) with Rd \link{} targets missing package
anchors:
ConfMatrix.Rd: R6
D2MCS.Rd: getModelInfo
GainRatioHeuristic.Rd: gain.ratio
Please provide package anchors for all Rd \link{} targets not in the
package itself and the base packages.
Flavors: r-devel-linux-x86_64-debian-clang, r-devel-linux-x86_64-debian-gcc, r-devel-windows-x86_64