Last updated on 2025-05-07 02:50:15 CEST.
Flavor | Version | Tinstall | Tcheck | Ttotal | Status | Flags |
---|---|---|---|---|---|---|
r-devel-linux-x86_64-debian-clang | 1.2.0 | 17.45 | 145.66 | 163.11 | OK | |
r-devel-linux-x86_64-debian-gcc | 1.2.0 | 11.59 | 105.00 | 116.59 | OK | |
r-devel-linux-x86_64-fedora-clang | 1.2.0 | 276.71 | OK | |||
r-devel-linux-x86_64-fedora-gcc | 1.2.0 | 273.41 | OK | |||
r-devel-windows-x86_64 | 1.2.0 | 19.00 | 142.00 | 161.00 | OK | |
r-patched-linux-x86_64 | 1.2.0 | 16.14 | 141.48 | 157.62 | OK | |
r-release-linux-x86_64 | 1.2.0 | 15.33 | 138.91 | 154.24 | OK | |
r-release-macos-arm64 | 1.2.0 | 75.00 | OK | |||
r-release-macos-x86_64 | 1.2.0 | 163.00 | OK | |||
r-release-windows-x86_64 | 1.2.0 | 17.00 | 143.00 | 160.00 | OK | |
r-oldrel-macos-arm64 | 1.2.0 | 73.00 | NOTE | |||
r-oldrel-macos-x86_64 | 1.2.0 | 106.00 | NOTE | |||
r-oldrel-windows-x86_64 | 1.2.0 | 24.00 | 184.00 | 208.00 | NOTE |
Version: 1.2.0
Check: installed package size
Result: NOTE
installed size is 5.1Mb
sub-directories of 1Mb or more:
doc 4.4Mb
Flavors: r-oldrel-macos-arm64, r-oldrel-macos-x86_64, r-oldrel-windows-x86_64