Last updated on 2024-05-11 14:48:08 CEST.
Flavor | Version | Tinstall | Tcheck | Ttotal | Status | Flags |
---|---|---|---|---|---|---|
r-devel-linux-x86_64-debian-clang | 1.1-3 | 2.06 | 44.59 | 46.65 | OK | |
r-devel-linux-x86_64-debian-gcc | 1.1-3 | 1.96 | 33.75 | 35.71 | OK | |
r-devel-linux-x86_64-fedora-clang | 1.1-3 | 62.20 | NOTE | |||
r-devel-linux-x86_64-fedora-gcc | 1.1-3 | 57.36 | OK | |||
r-devel-windows-x86_64 | 1.1-3 | 4.00 | 53.00 | 57.00 | OK | |
r-patched-linux-x86_64 | 1.1-3 | 2.84 | 44.10 | 46.94 | OK | |
r-release-linux-x86_64 | 1.1-3 | 2.02 | 43.28 | 45.30 | OK | |
r-release-macos-arm64 | 1.1-3 | 18.00 | OK | |||
r-release-windows-x86_64 | 1.1-3 | 3.00 | 51.00 | 54.00 | OK | |
r-oldrel-macos-arm64 | 1.1-3 | 120.00 | OK | |||
r-oldrel-macos-x86_64 | 1.1-3 | 153.00 | OK | |||
r-oldrel-windows-x86_64 | 1.1-3 | 6.00 | 60.00 | 66.00 | OK |
Version: 1.1-3
Check: Rd cross-references
Result: NOTE
Undeclared package ‘DEoptim’ in Rd xrefs
Flavor: r-devel-linux-x86_64-fedora-clang