Last updated on 2025-02-18 02:50:34 CET.
Flavor | Version | Tinstall | Tcheck | Ttotal | Status | Flags |
---|---|---|---|---|---|---|
r-devel-linux-x86_64-debian-clang | 1.0 | 102.09 | 288.66 | 390.75 | OK | |
r-devel-linux-x86_64-debian-gcc | 1.0 | 71.39 | 174.42 | 245.81 | OK | |
r-devel-linux-x86_64-fedora-clang | 1.0 | 717.73 | OK | |||
r-devel-linux-x86_64-fedora-gcc | 1.0 | 1716.47 | OK | |||
r-devel-macos-arm64 | 1.0 | 171.00 | OK | |||
r-devel-macos-x86_64 | 1.0 | 301.00 | OK | |||
r-devel-windows-x86_64 | 1.0 | 99.00 | 249.00 | 348.00 | OK | |
r-patched-linux-x86_64 | 1.0 | 101.08 | 248.72 | 349.80 | OK | |
r-release-linux-x86_64 | 1.0 | 100.23 | 248.21 | 348.44 | OK | |
r-release-macos-arm64 | 1.0 | 172.00 | NOTE | |||
r-release-macos-x86_64 | 1.0 | 213.00 | NOTE | |||
r-release-windows-x86_64 | 1.0 | 104.00 | 245.00 | 349.00 | OK | |
r-oldrel-macos-arm64 | 1.0 | 176.00 | NOTE | |||
r-oldrel-macos-x86_64 | 1.0 | 348.00 | NOTE | |||
r-oldrel-windows-x86_64 | 1.0 | 121.00 | 291.00 | 412.00 | OK |
Version: 1.0
Check: installed package size
Result: NOTE
installed size is 6.7Mb
sub-directories of 1Mb or more:
libs 6.1Mb
Flavors: r-release-macos-arm64, r-release-macos-x86_64, r-oldrel-macos-arm64, r-oldrel-macos-x86_64