Last updated on 2025-02-18 02:50:34 CET.
Flavor | Version | Tinstall | Tcheck | Ttotal | Status | Flags |
---|---|---|---|---|---|---|
r-devel-linux-x86_64-debian-clang | 0.1.2 | 53.53 | 29.14 | 82.67 | NOTE | |
r-devel-linux-x86_64-debian-gcc | 0.1.2 | 33.85 | 23.09 | 56.94 | NOTE | |
r-devel-linux-x86_64-fedora-clang | 0.1.2 | 160.34 | OK | |||
r-devel-linux-x86_64-fedora-gcc | 0.1.2 | 140.35 | OK | |||
r-devel-macos-arm64 | 0.1.2 | 36.00 | OK | |||
r-devel-macos-x86_64 | 0.1.2 | 44.00 | OK | |||
r-devel-windows-x86_64 | 0.1.2 | 55.00 | 71.00 | 126.00 | NOTE | |
r-patched-linux-x86_64 | 0.1.2 | 51.46 | 28.37 | 79.83 | OK | |
r-release-linux-x86_64 | 0.1.2 | 50.55 | 27.67 | 78.22 | OK | |
r-release-macos-arm64 | 0.1.2 | 38.00 | OK | |||
r-release-macos-x86_64 | 0.1.2 | 44.00 | OK | |||
r-release-windows-x86_64 | 0.1.2 | 55.00 | 69.00 | 124.00 | OK | |
r-oldrel-macos-arm64 | 0.1.2 | 46.00 | OK | |||
r-oldrel-macos-x86_64 | 0.1.2 | 64.00 | OK | |||
r-oldrel-windows-x86_64 | 0.1.2 | 68.00 | 75.00 | 143.00 | OK |
Version: 0.1.2
Check: Rd cross-references
Result: NOTE
Found the following Rd file(s) with Rd \link{} targets missing package
anchors:
EstimateDMQ.rd: DEoptim
fn.DEoptim.Rd: DEoptim
fn.solnp.Rd: solnp
Please provide package anchors for all Rd \link{} targets not in the
package itself and the base packages.
Flavors: r-devel-linux-x86_64-debian-clang, r-devel-linux-x86_64-debian-gcc, r-devel-windows-x86_64