Last updated on 2025-02-18 02:50:34 CET.
Flavor | Version | Tinstall | Tcheck | Ttotal | Status | Flags |
---|---|---|---|---|---|---|
r-devel-linux-x86_64-debian-clang | 1.6.0 | 29.25 | 88.05 | 117.30 | OK | |
r-devel-linux-x86_64-debian-gcc | 1.6.0 | 23.46 | 65.38 | 88.84 | OK | |
r-devel-linux-x86_64-fedora-clang | 1.6.0 | 201.86 | OK | |||
r-devel-linux-x86_64-fedora-gcc | 1.6.0 | 189.19 | OK | |||
r-devel-macos-arm64 | 1.6.0 | 48.00 | OK | |||
r-devel-macos-x86_64 | 1.6.0 | 93.00 | OK | |||
r-devel-windows-x86_64 | 1.6.0 | 33.00 | 117.00 | 150.00 | OK | |
r-patched-linux-x86_64 | 1.6.0 | 32.62 | 83.66 | 116.28 | OK | |
r-release-linux-x86_64 | 1.6.0 | 32.61 | 84.46 | 117.07 | OK | |
r-release-macos-arm64 | 1.6.0 | 58.00 | NOTE | |||
r-release-macos-x86_64 | 1.6.0 | 85.00 | NOTE | |||
r-release-windows-x86_64 | 1.6.0 | 30.00 | 106.00 | 136.00 | OK | |
r-oldrel-macos-arm64 | 1.6.0 | 58.00 | NOTE | |||
r-oldrel-macos-x86_64 | 1.6.0 | 94.00 | NOTE | |||
r-oldrel-windows-x86_64 | 1.6.0 | 44.00 | 137.00 | 181.00 | OK |
Version: 1.6.0
Check: installed package size
Result: NOTE
installed size is 7.4Mb
sub-directories of 1Mb or more:
libs 7.2Mb
Flavors: r-release-macos-arm64, r-release-macos-x86_64, r-oldrel-macos-arm64, r-oldrel-macos-x86_64